{"version":"1.0","provider_name":"spf-viacarpatia.eu | Fond mal\u00fdch projektov","provider_url":"https:\/\/spf-viacarpatia.eu\/hu\/","author_name":"viacarpatia","author_url":"https:\/\/spf-viacarpatia.eu\/hu\/author\/viacarpatia\/","title":"M\u00e1jus tele esem\u00e9nyekkel - spf-viacarpatia.eu | Fond mal\u00fdch projektov","type":"rich","width":600,"height":338,"html":"<blockquote class=\"wp-embedded-content\" data-secret=\"uevkQuj7rP\"><a href=\"https:\/\/spf-viacarpatia.eu\/hu\/majus-tele-esemenyekkel\/\">M\u00e1jus tele esem\u00e9nyekkel<\/a><\/blockquote><iframe sandbox=\"allow-scripts\" security=\"restricted\" src=\"https:\/\/spf-viacarpatia.eu\/hu\/majus-tele-esemenyekkel\/embed\/#?secret=uevkQuj7rP\" width=\"600\" height=\"338\" title=\"&#8220;M\u00e1jus tele esem\u00e9nyekkel&#8221; &#8212; spf-viacarpatia.eu | Fond mal\u00fdch projektov\" data-secret=\"uevkQuj7rP\" frameborder=\"0\" marginwidth=\"0\" marginheight=\"0\" scrolling=\"no\" class=\"wp-embedded-content\"><\/iframe><script type=\"text\/javascript\">\n\/* <![CDATA[ *\/\n\/*! This file is auto-generated *\/\n!function(d,l){\"use strict\";l.querySelector&&d.addEventListener&&\"undefined\"!=typeof URL&&(d.wp=d.wp||{},d.wp.receiveEmbedMessage||(d.wp.receiveEmbedMessage=function(e){var t=e.data;if((t||t.secret||t.message||t.value)&&!\/[^a-zA-Z0-9]\/.test(t.secret)){for(var s,r,n,a=l.querySelectorAll('iframe[data-secret=\"'+t.secret+'\"]'),o=l.querySelectorAll('blockquote[data-secret=\"'+t.secret+'\"]'),c=new RegExp(\"^https?:$\",\"i\"),i=0;i<o.length;i++)o[i].style.display=\"none\";for(i=0;i<a.length;i++)s=a[i],e.source===s.contentWindow&&(s.removeAttribute(\"style\"),\"height\"===t.message?(1e3<(r=parseInt(t.value,10))?r=1e3:~~r<200&&(r=200),s.height=r):\"link\"===t.message&&(r=new URL(s.getAttribute(\"src\")),n=new URL(t.value),c.test(n.protocol))&&n.host===r.host&&l.activeElement===s&&(d.top.location.href=t.value))}},d.addEventListener(\"message\",d.wp.receiveEmbedMessage,!1),l.addEventListener(\"DOMContentLoaded\",function(){for(var e,t,s=l.querySelectorAll(\"iframe.wp-embedded-content\"),r=0;r<s.length;r++)(t=(e=s[r]).getAttribute(\"data-secret\"))||(t=Math.random().toString(36).substring(2,12),e.src+=\"#?secret=\"+t,e.setAttribute(\"data-secret\",t)),e.contentWindow.postMessage({message:\"ready\",secret:t},\"*\")},!1)))}(window,document);\n\/\/# sourceURL=https:\/\/spf-viacarpatia.eu\/wp-includes\/js\/wp-embed.min.js\n\/* ]]> *\/\n<\/script>\n","thumbnail_url":"https:\/\/spf-viacarpatia.eu\/wp-content\/uploads\/2024\/06\/Colorful-Modern-Paris-Photo-Collage-Instagram-Post-2.png","thumbnail_width":1080,"thumbnail_height":1080,"description":"&nbsp; Befejez\u0151d\u00f6tt a Kisprojekt Alap 1.felh\u00edv\u00e1s\u00e1nak els\u0151 h\u00f3napja, aminek keret\u00e9ben Szlov\u00e1kia \u00e9s Magyarorsz\u00e1g lakosai sz\u00e1mos esem\u00e9nyen vehettek r\u00e9szt.\u00a0\u00a0A sportversenyekt\u0151l a kultur\u00e1lis fesztiv\u00e1lokon \u00e1t a szakmai konferenci\u00e1kig az eg\u00e9sz r\u00e9gi\u00f3 \u00e9letre kelt a k\u00fcl\u00f6nf\u00e9le tev\u00e9kenys\u00e9gekkel, amelyek er\u0151s\u00edtett\u00e9k a hat\u00e1rokon \u00e1tny\u00fal\u00f3 egy\u00fcttm\u0171k\u00f6d\u00e9st \u00e9s gazdag\u00edtott\u00e1k a helyi k\u00f6z\u00f6ss\u00e9geket. Az al\u00e1bbi mapp\u00e1ban megtekinthet\u0151ek\u00a0\u00a0az esem\u00e9nyek fot\u00f3i: https:\/\/spf-viacarpatia.eu\/hu\/gallery\/fotok-a-majusi-rendezvenyekrol\/ Carpatia Cup A [&hellip;]"}

spf-viacarpatia.eu | Fond malých projektov

Május tele eseményekkel - spf-viacarpatia.eu | Fond malých projektov

<blockquote class="wp-embedded-content" data-secret="uevkQuj7rP"><a href="https://spf-viacarpatia.eu/hu/majus-tele-esemenyekkel/">Május tele eseményekkel</a></blockquote><iframe sandbox="allow-scripts" security="restricted" src="https://spf-viacarpatia.eu/hu/majus-tele-esemenyekkel/embed/#?secret=uevkQuj7rP" width="600" height="338" title="&#8220;Május tele eseményekkel&#8221; &#8212; spf-viacarpatia.eu | Fond malých projektov" data-secret="uevkQuj7rP" frameborder="0" marginwidth="0" marginheight="0" scrolling="no" class="wp-embedded-content"></iframe><script type="text/javascript">
/* <![CDATA[ */
/*! This file is auto-generated */
!function(d,l){"use strict";l.querySelector&&d.addEventListener&&"undefined"!=typeof URL&&(d.wp=d.wp||{},d.wp.receiveEmbedMessage||(d.wp.receiveEmbedMessage=function(e){var t=e.data;if((t||t.secret||t.message||t.value)&&!/[^a-zA-Z0-9]/.test(t.secret)){for(var s,r,n,a=l.querySelectorAll('iframe[data-secret="'+t.secret+'"]'),o=l.querySelectorAll('blockquote[data-secret="'+t.secret+'"]'),c=new RegExp("^https?:$","i"),i=0;i<o.length;i++)o[i].style.display="none";for(i=0;i<a.length;i++)s=a[i],e.source===s.contentWindow&&(s.removeAttribute("style"),"height"===t.message?(1e3<(r=parseInt(t.value,10))?r=1e3:~~r<200&&(r=200),s.height=r):"link"===t.message&&(r=new URL(s.getAttribute("src")),n=new URL(t.value),c.test(n.protocol))&&n.host===r.host&&l.activeElement===s&&(d.top.location.href=t.value))}},d.addEventListener("message",d.wp.receiveEmbedMessage,!1),l.addEventListener("DOMContentLoaded",function(){for(var e,t,s=l.querySelectorAll("iframe.wp-embedded-content"),r=0;r<s.length;r++)(t=(e=s[r]).getAttribute("data-secret"))||(t=Math.random().toString(36).substring(2,12),e.src+="#?secret="+t,e.setAttribute("data-secret",t)),e.contentWindow.postMessage({message:"ready",secret:t},"*")},!1)))}(window,document);
//# sourceURL=https://spf-viacarpatia.eu/wp-includes/js/wp-embed.min.js
/* ]]> */
</script>

&nbsp; Befejeződött a Kisprojekt Alap 1.felhívásának első hónapja, aminek keretében Szlovákia és Magyarország lakosai számos eseményen vehettek részt.  A sportversenyektől a kulturális fesztiválokon át a szakmai konferenciákig az egész régió életre kelt a különféle tevékenységekkel, amelyek erősítették a határokon átnyúló együttműködést és gazdagították a helyi közösségeket. Az alábbi mappában megtekinthetőek  az események fotói: https://spf-viacarpatia.eu/hu/gallery/fotok-a-majusi-rendezvenyekrol/ Carpatia Cup A [&hellip;]
