{"version":"1.0","provider_name":"spf-viacarpatia.eu | Fond mal\u00fdch projektov","provider_url":"https:\/\/spf-viacarpatia.eu\/hu\/","author_name":"viacarpatia","author_url":"https:\/\/spf-viacarpatia.eu\/hu\/author\/viacarpatia\/","title":"\u00dcnnep\u00e9lyes szerz\u0151d\u00e9s \u00e1tad\u00e1s a szlov\u00e1k kedvezm\u00e9nyezetteknek - spf-viacarpatia.eu | Fond mal\u00fdch projektov","type":"rich","width":600,"height":338,"html":"<blockquote class=\"wp-embedded-content\" data-secret=\"yPgMfX3wNB\"><a href=\"https:\/\/spf-viacarpatia.eu\/hu\/unnepelyes-szerzodes-atadas-a-szlovak-kedvezmenyezetteknek\/\">\u00dcnnep\u00e9lyes szerz\u0151d\u00e9s \u00e1tad\u00e1s a szlov\u00e1k kedvezm\u00e9nyezetteknek<\/a><\/blockquote><iframe sandbox=\"allow-scripts\" security=\"restricted\" src=\"https:\/\/spf-viacarpatia.eu\/hu\/unnepelyes-szerzodes-atadas-a-szlovak-kedvezmenyezetteknek\/embed\/#?secret=yPgMfX3wNB\" width=\"600\" height=\"338\" title=\"&#8220;\u00dcnnep\u00e9lyes szerz\u0151d\u00e9s \u00e1tad\u00e1s a szlov\u00e1k kedvezm\u00e9nyezetteknek&#8221; &#8212; spf-viacarpatia.eu | Fond mal\u00fdch projektov\" data-secret=\"yPgMfX3wNB\" frameborder=\"0\" marginwidth=\"0\" marginheight=\"0\" scrolling=\"no\" class=\"wp-embedded-content\"><\/iframe><script type=\"text\/javascript\">\n\/* <![CDATA[ *\/\n\/*! This file is auto-generated *\/\n!function(d,l){\"use strict\";l.querySelector&&d.addEventListener&&\"undefined\"!=typeof URL&&(d.wp=d.wp||{},d.wp.receiveEmbedMessage||(d.wp.receiveEmbedMessage=function(e){var t=e.data;if((t||t.secret||t.message||t.value)&&!\/[^a-zA-Z0-9]\/.test(t.secret)){for(var s,r,n,a=l.querySelectorAll('iframe[data-secret=\"'+t.secret+'\"]'),o=l.querySelectorAll('blockquote[data-secret=\"'+t.secret+'\"]'),c=new RegExp(\"^https?:$\",\"i\"),i=0;i<o.length;i++)o[i].style.display=\"none\";for(i=0;i<a.length;i++)s=a[i],e.source===s.contentWindow&&(s.removeAttribute(\"style\"),\"height\"===t.message?(1e3<(r=parseInt(t.value,10))?r=1e3:~~r<200&&(r=200),s.height=r):\"link\"===t.message&&(r=new URL(s.getAttribute(\"src\")),n=new URL(t.value),c.test(n.protocol))&&n.host===r.host&&l.activeElement===s&&(d.top.location.href=t.value))}},d.addEventListener(\"message\",d.wp.receiveEmbedMessage,!1),l.addEventListener(\"DOMContentLoaded\",function(){for(var e,t,s=l.querySelectorAll(\"iframe.wp-embedded-content\"),r=0;r<s.length;r++)(t=(e=s[r]).getAttribute(\"data-secret\"))||(t=Math.random().toString(36).substring(2,12),e.src+=\"#?secret=\"+t,e.setAttribute(\"data-secret\",t)),e.contentWindow.postMessage({message:\"ready\",secret:t},\"*\")},!1)))}(window,document);\n\/\/# sourceURL=https:\/\/spf-viacarpatia.eu\/wp-includes\/js\/wp-embed.min.js\n\/* ]]> *\/\n<\/script>\n","thumbnail_url":"https:\/\/spf-viacarpatia.eu\/wp-content\/uploads\/2024\/04\/1.jpg","thumbnail_width":2048,"thumbnail_height":1367,"description":"A kisprojektek megval\u00f3s\u00edt\u00e1sa hivatalosan is megkezd\u0151d\u00f6tt! 2024. \u00e1prilis 19-\u00e9n, p\u00e9nteken a kassai Kelet-szlov\u00e1kiai M\u00fazeumban \u00fcnnep\u00e9lyes keretek k\u00f6z\u00f6tt adtuk \u00e1t az Interreg VI-A Magyarorsz\u00e1g &#8211; Szlov\u00e1kia Program \u00e1ltal t\u00e1mogatott al\u00e1\u00edrt Eur\u00f3pai Region\u00e1lis Fejleszt\u00e9si Alap p\u00e9nz\u00fcgyi hozz\u00e1j\u00e1rul\u00e1s\u00e1r\u00f3l sz\u00f3l\u00f3 szerz\u0151d\u00e9seket a szlov\u00e1k v\u00e9gs\u0151 kedvezm\u00e9nyezetteknek. A szerz\u0151d\u00e9sek \u00e1tad\u00e1s\u00e1nak \u00fcnneps\u00e9g\u00e9n r\u00e9szt vett Rastislav Trnka, Kassa megye eln\u00f6ke is, aki dr. [&hellip;]"}

spf-viacarpatia.eu | Fond malých projektov

Ünnepélyes szerződés átadás a szlovák kedvezményezetteknek - spf-viacarpatia.eu | Fond malých projektov

<blockquote class="wp-embedded-content" data-secret="yPgMfX3wNB"><a href="https://spf-viacarpatia.eu/hu/unnepelyes-szerzodes-atadas-a-szlovak-kedvezmenyezetteknek/">Ünnepélyes szerződés átadás a szlovák kedvezményezetteknek</a></blockquote><iframe sandbox="allow-scripts" security="restricted" src="https://spf-viacarpatia.eu/hu/unnepelyes-szerzodes-atadas-a-szlovak-kedvezmenyezetteknek/embed/#?secret=yPgMfX3wNB" width="600" height="338" title="&#8220;Ünnepélyes szerződés átadás a szlovák kedvezményezetteknek&#8221; &#8212; spf-viacarpatia.eu | Fond malých projektov" data-secret="yPgMfX3wNB" frameborder="0" marginwidth="0" marginheight="0" scrolling="no" class="wp-embedded-content"></iframe><script type="text/javascript">
/* <![CDATA[ */
/*! This file is auto-generated */
!function(d,l){"use strict";l.querySelector&&d.addEventListener&&"undefined"!=typeof URL&&(d.wp=d.wp||{},d.wp.receiveEmbedMessage||(d.wp.receiveEmbedMessage=function(e){var t=e.data;if((t||t.secret||t.message||t.value)&&!/[^a-zA-Z0-9]/.test(t.secret)){for(var s,r,n,a=l.querySelectorAll('iframe[data-secret="'+t.secret+'"]'),o=l.querySelectorAll('blockquote[data-secret="'+t.secret+'"]'),c=new RegExp("^https?:$","i"),i=0;i<o.length;i++)o[i].style.display="none";for(i=0;i<a.length;i++)s=a[i],e.source===s.contentWindow&&(s.removeAttribute("style"),"height"===t.message?(1e3<(r=parseInt(t.value,10))?r=1e3:~~r<200&&(r=200),s.height=r):"link"===t.message&&(r=new URL(s.getAttribute("src")),n=new URL(t.value),c.test(n.protocol))&&n.host===r.host&&l.activeElement===s&&(d.top.location.href=t.value))}},d.addEventListener("message",d.wp.receiveEmbedMessage,!1),l.addEventListener("DOMContentLoaded",function(){for(var e,t,s=l.querySelectorAll("iframe.wp-embedded-content"),r=0;r<s.length;r++)(t=(e=s[r]).getAttribute("data-secret"))||(t=Math.random().toString(36).substring(2,12),e.src+="#?secret="+t,e.setAttribute("data-secret",t)),e.contentWindow.postMessage({message:"ready",secret:t},"*")},!1)))}(window,document);
//# sourceURL=https://spf-viacarpatia.eu/wp-includes/js/wp-embed.min.js
/* ]]> */
</script>

A kisprojektek megvalósítása hivatalosan is megkezdődött! 2024. április 19-én, pénteken a kassai Kelet-szlovákiai Múzeumban ünnepélyes keretek között adtuk át az Interreg VI-A Magyarország &#8211; Szlovákia Program által támogatott aláírt Európai Regionális Fejlesztési Alap pénzügyi hozzájárulásáról szóló szerződéseket a szlovák végső kedvezményezetteknek. A szerződések átadásának ünnepségén részt vett Rastislav Trnka, Kassa megye elnöke is, aki dr. [&hellip;]
