{"id":8578,"date":"2024-06-04T15:33:44","date_gmt":"2024-06-04T13:33:44","guid":{"rendered":"https:\/\/spf-viacarpatia.eu\/?post_type=gallery&#038;p=8578"},"modified":"2024-06-05T12:51:50","modified_gmt":"2024-06-05T10:51:50","slug":"fotok-a-majusi-rendezvenyekrol","status":"publish","type":"gallery","link":"https:\/\/spf-viacarpatia.eu\/hu\/gallery\/fotok-a-majusi-rendezvenyekrol\/","title":{"rendered":"Fot\u00f3k a m\u00e1jusi rendezv\u00e9nyekr\u0151l"},"featured_media":8506,"template":"","class_list":["post-8578","gallery","type-gallery","status-publish","has-post-thumbnail","hentry"],"acf":[],"yoast_head":"<!-- This site is optimized with the Yoast SEO plugin v27.4 - https:\/\/yoast.com\/product\/yoast-seo-wordpress\/ -->\n<title>Fot\u00f3k a m\u00e1jusi rendezv\u00e9nyekr\u0151l - spf-viacarpatia.eu | Fond mal\u00fdch projektov<\/title>\n<meta name=\"robots\" content=\"index, follow, max-snippet:-1, max-image-preview:large, max-video-preview:-1\" \/>\n<link rel=\"canonical\" href=\"https:\/\/spf-viacarpatia.eu\/hu\/gallery\/fotok-a-majusi-rendezvenyekrol\/\" \/>\n<meta property=\"og:locale\" content=\"hu_HU\" \/>\n<meta property=\"og:type\" content=\"article\" \/>\n<meta property=\"og:title\" content=\"Fot\u00f3k a m\u00e1jusi rendezv\u00e9nyekr\u0151l - spf-viacarpatia.eu | Fond mal\u00fdch projektov\" \/>\n<meta property=\"og:url\" content=\"https:\/\/spf-viacarpatia.eu\/hu\/gallery\/fotok-a-majusi-rendezvenyekrol\/\" \/>\n<meta property=\"og:site_name\" content=\"spf-viacarpatia.eu | Fond mal\u00fdch projektov\" \/>\n<meta property=\"article:modified_time\" content=\"2024-06-05T10:51:50+00:00\" \/>\n<meta property=\"og:image\" content=\"https:\/\/spf-viacarpatia.eu\/wp-content\/uploads\/2024\/06\/441068459_937214251748054_8245458740371372702_n.jpg\" \/>\n\t<meta property=\"og:image:width\" content=\"1536\" \/>\n\t<meta property=\"og:image:height\" content=\"1536\" \/>\n\t<meta property=\"og:image:type\" content=\"image\/jpeg\" \/>\n<meta name=\"twitter:card\" content=\"summary_large_image\" \/>\n<script type=\"application\/ld+json\" class=\"yoast-schema-graph\">{\"@context\":\"https:\\\/\\\/schema.org\",\"@graph\":[{\"@type\":\"WebPage\",\"@id\":\"https:\\\/\\\/spf-viacarpatia.eu\\\/hu\\\/gallery\\\/fotok-a-majusi-rendezvenyekrol\\\/\",\"url\":\"https:\\\/\\\/spf-viacarpatia.eu\\\/hu\\\/gallery\\\/fotok-a-majusi-rendezvenyekrol\\\/\",\"name\":\"Fot\u00f3k a m\u00e1jusi rendezv\u00e9nyekr\u0151l - spf-viacarpatia.eu | Fond mal\u00fdch projektov\",\"isPartOf\":{\"@id\":\"https:\\\/\\\/spf-viacarpatia.eu\\\/#website\"},\"primaryImageOfPage\":{\"@id\":\"https:\\\/\\\/spf-viacarpatia.eu\\\/hu\\\/gallery\\\/fotok-a-majusi-rendezvenyekrol\\\/#primaryimage\"},\"image\":{\"@id\":\"https:\\\/\\\/spf-viacarpatia.eu\\\/hu\\\/gallery\\\/fotok-a-majusi-rendezvenyekrol\\\/#primaryimage\"},\"thumbnailUrl\":\"https:\\\/\\\/spf-viacarpatia.eu\\\/wp-content\\\/uploads\\\/2024\\\/06\\\/441068459_937214251748054_8245458740371372702_n.jpg\",\"datePublished\":\"2024-06-04T13:33:44+00:00\",\"dateModified\":\"2024-06-05T10:51:50+00:00\",\"inLanguage\":\"hu\",\"potentialAction\":[{\"@type\":\"ReadAction\",\"target\":[\"https:\\\/\\\/spf-viacarpatia.eu\\\/hu\\\/gallery\\\/fotok-a-majusi-rendezvenyekrol\\\/\"]}]},{\"@type\":\"ImageObject\",\"inLanguage\":\"hu\",\"@id\":\"https:\\\/\\\/spf-viacarpatia.eu\\\/hu\\\/gallery\\\/fotok-a-majusi-rendezvenyekrol\\\/#primaryimage\",\"url\":\"https:\\\/\\\/spf-viacarpatia.eu\\\/wp-content\\\/uploads\\\/2024\\\/06\\\/441068459_937214251748054_8245458740371372702_n.jpg\",\"contentUrl\":\"https:\\\/\\\/spf-viacarpatia.eu\\\/wp-content\\\/uploads\\\/2024\\\/06\\\/441068459_937214251748054_8245458740371372702_n.jpg\",\"width\":1536,\"height\":1536},{\"@type\":\"WebSite\",\"@id\":\"https:\\\/\\\/spf-viacarpatia.eu\\\/#website\",\"url\":\"https:\\\/\\\/spf-viacarpatia.eu\\\/\",\"name\":\"ViaCarpatia\",\"description\":\"Fond mal\u00fdch projektov\",\"alternateName\":\"ViaCarpatia\",\"potentialAction\":[{\"@type\":\"SearchAction\",\"target\":{\"@type\":\"EntryPoint\",\"urlTemplate\":\"https:\\\/\\\/spf-viacarpatia.eu\\\/?s={search_term_string}\"},\"query-input\":{\"@type\":\"PropertyValueSpecification\",\"valueRequired\":true,\"valueName\":\"search_term_string\"}}],\"inLanguage\":\"hu\"}]}<\/script>\n<!-- \/ Yoast SEO plugin. -->","yoast_head_json":{"title":"Fot\u00f3k a m\u00e1jusi rendezv\u00e9nyekr\u0151l - spf-viacarpatia.eu | Fond mal\u00fdch projektov","robots":{"index":"index","follow":"follow","max-snippet":"max-snippet:-1","max-image-preview":"max-image-preview:large","max-video-preview":"max-video-preview:-1"},"canonical":"https:\/\/spf-viacarpatia.eu\/hu\/gallery\/fotok-a-majusi-rendezvenyekrol\/","og_locale":"hu_HU","og_type":"article","og_title":"Fot\u00f3k a m\u00e1jusi rendezv\u00e9nyekr\u0151l - spf-viacarpatia.eu | Fond mal\u00fdch projektov","og_url":"https:\/\/spf-viacarpatia.eu\/hu\/gallery\/fotok-a-majusi-rendezvenyekrol\/","og_site_name":"spf-viacarpatia.eu | Fond mal\u00fdch projektov","article_modified_time":"2024-06-05T10:51:50+00:00","og_image":[{"width":1536,"height":1536,"url":"https:\/\/spf-viacarpatia.eu\/wp-content\/uploads\/2024\/06\/441068459_937214251748054_8245458740371372702_n.jpg","type":"image\/jpeg"}],"twitter_card":"summary_large_image","schema":{"@context":"https:\/\/schema.org","@graph":[{"@type":"WebPage","@id":"https:\/\/spf-viacarpatia.eu\/hu\/gallery\/fotok-a-majusi-rendezvenyekrol\/","url":"https:\/\/spf-viacarpatia.eu\/hu\/gallery\/fotok-a-majusi-rendezvenyekrol\/","name":"Fot\u00f3k a m\u00e1jusi rendezv\u00e9nyekr\u0151l - spf-viacarpatia.eu | Fond mal\u00fdch projektov","isPartOf":{"@id":"https:\/\/spf-viacarpatia.eu\/#website"},"primaryImageOfPage":{"@id":"https:\/\/spf-viacarpatia.eu\/hu\/gallery\/fotok-a-majusi-rendezvenyekrol\/#primaryimage"},"image":{"@id":"https:\/\/spf-viacarpatia.eu\/hu\/gallery\/fotok-a-majusi-rendezvenyekrol\/#primaryimage"},"thumbnailUrl":"https:\/\/spf-viacarpatia.eu\/wp-content\/uploads\/2024\/06\/441068459_937214251748054_8245458740371372702_n.jpg","datePublished":"2024-06-04T13:33:44+00:00","dateModified":"2024-06-05T10:51:50+00:00","inLanguage":"hu","potentialAction":[{"@type":"ReadAction","target":["https:\/\/spf-viacarpatia.eu\/hu\/gallery\/fotok-a-majusi-rendezvenyekrol\/"]}]},{"@type":"ImageObject","inLanguage":"hu","@id":"https:\/\/spf-viacarpatia.eu\/hu\/gallery\/fotok-a-majusi-rendezvenyekrol\/#primaryimage","url":"https:\/\/spf-viacarpatia.eu\/wp-content\/uploads\/2024\/06\/441068459_937214251748054_8245458740371372702_n.jpg","contentUrl":"https:\/\/spf-viacarpatia.eu\/wp-content\/uploads\/2024\/06\/441068459_937214251748054_8245458740371372702_n.jpg","width":1536,"height":1536},{"@type":"WebSite","@id":"https:\/\/spf-viacarpatia.eu\/#website","url":"https:\/\/spf-viacarpatia.eu\/","name":"ViaCarpatia","description":"Fond mal\u00fdch projektov","alternateName":"ViaCarpatia","potentialAction":[{"@type":"SearchAction","target":{"@type":"EntryPoint","urlTemplate":"https:\/\/spf-viacarpatia.eu\/?s={search_term_string}"},"query-input":{"@type":"PropertyValueSpecification","valueRequired":true,"valueName":"search_term_string"}}],"inLanguage":"hu"}]}},"_links":{"self":[{"href":"https:\/\/spf-viacarpatia.eu\/hu\/wp-json\/wp\/v2\/gallery\/8578","targetHints":{"allow":["GET"]}}],"collection":[{"href":"https:\/\/spf-viacarpatia.eu\/hu\/wp-json\/wp\/v2\/gallery"}],"about":[{"href":"https:\/\/spf-viacarpatia.eu\/hu\/wp-json\/wp\/v2\/types\/gallery"}],"wp:featuredmedia":[{"embeddable":true,"href":"https:\/\/spf-viacarpatia.eu\/hu\/wp-json\/wp\/v2\/media\/8506"}],"wp:attachment":[{"href":"https:\/\/spf-viacarpatia.eu\/hu\/wp-json\/wp\/v2\/media?parent=8578"}],"curies":[{"name":"wp","href":"https:\/\/api.w.org\/{rel}","templated":true}]}}

Fotók a májusi rendezvényekről

<!-- This site is optimized with the Yoast SEO plugin v27.4 - https://yoast.com/product/yoast-seo-wordpress/ -->
<title>Fotók a májusi rendezvényekről - spf-viacarpatia.eu | Fond malých projektov</title>
<meta name="robots" content="index, follow, max-snippet:-1, max-image-preview:large, max-video-preview:-1" />
<link rel="canonical" href="https://spf-viacarpatia.eu/hu/gallery/fotok-a-majusi-rendezvenyekrol/" />
<meta property="og:locale" content="hu_HU" />
<meta property="og:type" content="article" />
<meta property="og:title" content="Fotók a májusi rendezvényekről - spf-viacarpatia.eu | Fond malých projektov" />
<meta property="og:url" content="https://spf-viacarpatia.eu/hu/gallery/fotok-a-majusi-rendezvenyekrol/" />
<meta property="og:site_name" content="spf-viacarpatia.eu | Fond malých projektov" />
<meta property="article:modified_time" content="2024-06-05T10:51:50+00:00" />
<meta property="og:image" content="https://spf-viacarpatia.eu/wp-content/uploads/2024/06/441068459_937214251748054_8245458740371372702_n.jpg" />
	<meta property="og:image:width" content="1536" />
	<meta property="og:image:height" content="1536" />
	<meta property="og:image:type" content="image/jpeg" />
<meta name="twitter:card" content="summary_large_image" />
<script type="application/ld+json" class="yoast-schema-graph">{"@context":"https:\/\/schema.org","@graph":[{"@type":"WebPage","@id":"https:\/\/spf-viacarpatia.eu\/hu\/gallery\/fotok-a-majusi-rendezvenyekrol\/","url":"https:\/\/spf-viacarpatia.eu\/hu\/gallery\/fotok-a-majusi-rendezvenyekrol\/","name":"Fotók a májusi rendezvényekről - spf-viacarpatia.eu | Fond malých projektov","isPartOf":{"@id":"https:\/\/spf-viacarpatia.eu\/#website"},"primaryImageOfPage":{"@id":"https:\/\/spf-viacarpatia.eu\/hu\/gallery\/fotok-a-majusi-rendezvenyekrol\/#primaryimage"},"image":{"@id":"https:\/\/spf-viacarpatia.eu\/hu\/gallery\/fotok-a-majusi-rendezvenyekrol\/#primaryimage"},"thumbnailUrl":"https:\/\/spf-viacarpatia.eu\/wp-content\/uploads\/2024\/06\/441068459_937214251748054_8245458740371372702_n.jpg","datePublished":"2024-06-04T13:33:44+00:00","dateModified":"2024-06-05T10:51:50+00:00","inLanguage":"hu","potentialAction":[{"@type":"ReadAction","target":["https:\/\/spf-viacarpatia.eu\/hu\/gallery\/fotok-a-majusi-rendezvenyekrol\/"]}]},{"@type":"ImageObject","inLanguage":"hu","@id":"https:\/\/spf-viacarpatia.eu\/hu\/gallery\/fotok-a-majusi-rendezvenyekrol\/#primaryimage","url":"https:\/\/spf-viacarpatia.eu\/wp-content\/uploads\/2024\/06\/441068459_937214251748054_8245458740371372702_n.jpg","contentUrl":"https:\/\/spf-viacarpatia.eu\/wp-content\/uploads\/2024\/06\/441068459_937214251748054_8245458740371372702_n.jpg","width":1536,"height":1536},{"@type":"WebSite","@id":"https:\/\/spf-viacarpatia.eu\/#website","url":"https:\/\/spf-viacarpatia.eu\/","name":"ViaCarpatia","description":"Fond malých projektov","alternateName":"ViaCarpatia","potentialAction":[{"@type":"SearchAction","target":{"@type":"EntryPoint","urlTemplate":"https:\/\/spf-viacarpatia.eu\/?s={search_term_string}"},"query-input":{"@type":"PropertyValueSpecification","valueRequired":true,"valueName":"search_term_string"}}],"inLanguage":"hu"}]}</script>
<!-- / Yoast SEO plugin. -->

Fotók a májusi rendezvényekről - spf-viacarpatia.eu | Fond malých projektov

spf-viacarpatia.eu | Fond malých projektov

Fond malých projektov
