{"id":9515,"date":"2025-04-09T16:06:34","date_gmt":"2025-04-09T14:06:34","guid":{"rendered":"https:\/\/spf-viacarpatia.eu\/?post_type=gallery&#038;p=9515"},"modified":"2025-04-09T16:06:34","modified_gmt":"2025-04-09T14:06:34","slug":"unnepelyes-szerzodesatadas-a-kpa-2401-es-felhivas-kereteben-sikeresen-palyazott-szlovakiai-vegso-kedvezmenyezettek-reszere","status":"publish","type":"gallery","link":"https:\/\/spf-viacarpatia.eu\/hu\/gallery\/unnepelyes-szerzodesatadas-a-kpa-2401-es-felhivas-kereteben-sikeresen-palyazott-szlovakiai-vegso-kedvezmenyezettek-reszere\/","title":{"rendered":"\u00dcnnep\u00e9lyes szerz\u0151d\u00e9s\u00e1tad\u00e1s a KPA 2401-es felh\u00edv\u00e1s keret\u00e9ben sikeresen p\u00e1ly\u00e1zott szlov\u00e1kiai v\u00e9gs\u0151 kedvezm\u00e9nyezettek r\u00e9sz\u00e9re"},"featured_media":9507,"template":"","class_list":["post-9515","gallery","type-gallery","status-publish","has-post-thumbnail","hentry"],"acf":[],"yoast_head":"<!-- This site is optimized with the Yoast SEO plugin v27.5 - https:\/\/yoast.com\/product\/yoast-seo-wordpress\/ -->\n<title>\u00dcnnep\u00e9lyes szerz\u0151d\u00e9s\u00e1tad\u00e1s a KPA 2401-es felh\u00edv\u00e1s keret\u00e9ben sikeresen p\u00e1ly\u00e1zott szlov\u00e1kiai v\u00e9gs\u0151 kedvezm\u00e9nyezettek r\u00e9sz\u00e9re - spf-viacarpatia.eu | Fond mal\u00fdch projektov<\/title>\n<meta name=\"robots\" content=\"index, follow, max-snippet:-1, max-image-preview:large, max-video-preview:-1\" \/>\n<link rel=\"canonical\" href=\"https:\/\/spf-viacarpatia.eu\/hu\/gallery\/unnepelyes-szerzodesatadas-a-kpa-2401-es-felhivas-kereteben-sikeresen-palyazott-szlovakiai-vegso-kedvezmenyezettek-reszere\/\" \/>\n<meta property=\"og:locale\" content=\"hu_HU\" \/>\n<meta property=\"og:type\" content=\"article\" \/>\n<meta property=\"og:title\" content=\"\u00dcnnep\u00e9lyes szerz\u0151d\u00e9s\u00e1tad\u00e1s a KPA 2401-es felh\u00edv\u00e1s keret\u00e9ben sikeresen p\u00e1ly\u00e1zott szlov\u00e1kiai v\u00e9gs\u0151 kedvezm\u00e9nyezettek r\u00e9sz\u00e9re - spf-viacarpatia.eu | Fond mal\u00fdch projektov\" \/>\n<meta property=\"og:url\" content=\"https:\/\/spf-viacarpatia.eu\/hu\/gallery\/unnepelyes-szerzodesatadas-a-kpa-2401-es-felhivas-kereteben-sikeresen-palyazott-szlovakiai-vegso-kedvezmenyezettek-reszere\/\" \/>\n<meta property=\"og:site_name\" content=\"spf-viacarpatia.eu | Fond mal\u00fdch projektov\" \/>\n<meta property=\"og:image\" content=\"https:\/\/spf-viacarpatia.eu\/wp-content\/uploads\/2025\/04\/79-DSC08592-scaled.jpg\" \/>\n\t<meta property=\"og:image:width\" content=\"2560\" \/>\n\t<meta property=\"og:image:height\" content=\"1707\" \/>\n\t<meta property=\"og:image:type\" content=\"image\/jpeg\" \/>\n<meta name=\"twitter:card\" content=\"summary_large_image\" \/>\n<meta name=\"twitter:label1\" content=\"Becs\u00fclt olvas\u00e1si id\u0151\" \/>\n\t<meta name=\"twitter:data1\" content=\"1 perc\" \/>\n<script type=\"application\/ld+json\" class=\"yoast-schema-graph\">{\"@context\":\"https:\\\/\\\/schema.org\",\"@graph\":[{\"@type\":\"WebPage\",\"@id\":\"https:\\\/\\\/spf-viacarpatia.eu\\\/hu\\\/gallery\\\/unnepelyes-szerzodesatadas-a-kpa-2401-es-felhivas-kereteben-sikeresen-palyazott-szlovakiai-vegso-kedvezmenyezettek-reszere\\\/\",\"url\":\"https:\\\/\\\/spf-viacarpatia.eu\\\/hu\\\/gallery\\\/unnepelyes-szerzodesatadas-a-kpa-2401-es-felhivas-kereteben-sikeresen-palyazott-szlovakiai-vegso-kedvezmenyezettek-reszere\\\/\",\"name\":\"\u00dcnnep\u00e9lyes szerz\u0151d\u00e9s\u00e1tad\u00e1s a KPA 2401-es felh\u00edv\u00e1s keret\u00e9ben sikeresen p\u00e1ly\u00e1zott szlov\u00e1kiai v\u00e9gs\u0151 kedvezm\u00e9nyezettek r\u00e9sz\u00e9re - spf-viacarpatia.eu | Fond mal\u00fdch projektov\",\"isPartOf\":{\"@id\":\"https:\\\/\\\/spf-viacarpatia.eu\\\/#website\"},\"primaryImageOfPage\":{\"@id\":\"https:\\\/\\\/spf-viacarpatia.eu\\\/hu\\\/gallery\\\/unnepelyes-szerzodesatadas-a-kpa-2401-es-felhivas-kereteben-sikeresen-palyazott-szlovakiai-vegso-kedvezmenyezettek-reszere\\\/#primaryimage\"},\"image\":{\"@id\":\"https:\\\/\\\/spf-viacarpatia.eu\\\/hu\\\/gallery\\\/unnepelyes-szerzodesatadas-a-kpa-2401-es-felhivas-kereteben-sikeresen-palyazott-szlovakiai-vegso-kedvezmenyezettek-reszere\\\/#primaryimage\"},\"thumbnailUrl\":\"https:\\\/\\\/spf-viacarpatia.eu\\\/wp-content\\\/uploads\\\/2025\\\/04\\\/79-DSC08592-scaled.jpg\",\"datePublished\":\"2025-04-09T14:06:34+00:00\",\"inLanguage\":\"hu\",\"potentialAction\":[{\"@type\":\"ReadAction\",\"target\":[\"https:\\\/\\\/spf-viacarpatia.eu\\\/hu\\\/gallery\\\/unnepelyes-szerzodesatadas-a-kpa-2401-es-felhivas-kereteben-sikeresen-palyazott-szlovakiai-vegso-kedvezmenyezettek-reszere\\\/\"]}]},{\"@type\":\"ImageObject\",\"inLanguage\":\"hu\",\"@id\":\"https:\\\/\\\/spf-viacarpatia.eu\\\/hu\\\/gallery\\\/unnepelyes-szerzodesatadas-a-kpa-2401-es-felhivas-kereteben-sikeresen-palyazott-szlovakiai-vegso-kedvezmenyezettek-reszere\\\/#primaryimage\",\"url\":\"https:\\\/\\\/spf-viacarpatia.eu\\\/wp-content\\\/uploads\\\/2025\\\/04\\\/79-DSC08592-scaled.jpg\",\"contentUrl\":\"https:\\\/\\\/spf-viacarpatia.eu\\\/wp-content\\\/uploads\\\/2025\\\/04\\\/79-DSC08592-scaled.jpg\",\"width\":2560,\"height\":1707},{\"@type\":\"WebSite\",\"@id\":\"https:\\\/\\\/spf-viacarpatia.eu\\\/#website\",\"url\":\"https:\\\/\\\/spf-viacarpatia.eu\\\/\",\"name\":\"ViaCarpatia\",\"description\":\"Fond mal\u00fdch projektov\",\"alternateName\":\"ViaCarpatia\",\"potentialAction\":[{\"@type\":\"SearchAction\",\"target\":{\"@type\":\"EntryPoint\",\"urlTemplate\":\"https:\\\/\\\/spf-viacarpatia.eu\\\/?s={search_term_string}\"},\"query-input\":{\"@type\":\"PropertyValueSpecification\",\"valueRequired\":true,\"valueName\":\"search_term_string\"}}],\"inLanguage\":\"hu\"}]}<\/script>\n<!-- \/ Yoast SEO plugin. -->","yoast_head_json":{"title":"\u00dcnnep\u00e9lyes szerz\u0151d\u00e9s\u00e1tad\u00e1s a KPA 2401-es felh\u00edv\u00e1s keret\u00e9ben sikeresen p\u00e1ly\u00e1zott szlov\u00e1kiai v\u00e9gs\u0151 kedvezm\u00e9nyezettek r\u00e9sz\u00e9re - spf-viacarpatia.eu | Fond mal\u00fdch projektov","robots":{"index":"index","follow":"follow","max-snippet":"max-snippet:-1","max-image-preview":"max-image-preview:large","max-video-preview":"max-video-preview:-1"},"canonical":"https:\/\/spf-viacarpatia.eu\/hu\/gallery\/unnepelyes-szerzodesatadas-a-kpa-2401-es-felhivas-kereteben-sikeresen-palyazott-szlovakiai-vegso-kedvezmenyezettek-reszere\/","og_locale":"hu_HU","og_type":"article","og_title":"\u00dcnnep\u00e9lyes szerz\u0151d\u00e9s\u00e1tad\u00e1s a KPA 2401-es felh\u00edv\u00e1s keret\u00e9ben sikeresen p\u00e1ly\u00e1zott szlov\u00e1kiai v\u00e9gs\u0151 kedvezm\u00e9nyezettek r\u00e9sz\u00e9re - spf-viacarpatia.eu | Fond mal\u00fdch projektov","og_url":"https:\/\/spf-viacarpatia.eu\/hu\/gallery\/unnepelyes-szerzodesatadas-a-kpa-2401-es-felhivas-kereteben-sikeresen-palyazott-szlovakiai-vegso-kedvezmenyezettek-reszere\/","og_site_name":"spf-viacarpatia.eu | Fond mal\u00fdch projektov","og_image":[{"width":2560,"height":1707,"url":"https:\/\/spf-viacarpatia.eu\/wp-content\/uploads\/2025\/04\/79-DSC08592-scaled.jpg","type":"image\/jpeg"}],"twitter_card":"summary_large_image","twitter_misc":{"Becs\u00fclt olvas\u00e1si id\u0151":"1 perc"},"schema":{"@context":"https:\/\/schema.org","@graph":[{"@type":"WebPage","@id":"https:\/\/spf-viacarpatia.eu\/hu\/gallery\/unnepelyes-szerzodesatadas-a-kpa-2401-es-felhivas-kereteben-sikeresen-palyazott-szlovakiai-vegso-kedvezmenyezettek-reszere\/","url":"https:\/\/spf-viacarpatia.eu\/hu\/gallery\/unnepelyes-szerzodesatadas-a-kpa-2401-es-felhivas-kereteben-sikeresen-palyazott-szlovakiai-vegso-kedvezmenyezettek-reszere\/","name":"\u00dcnnep\u00e9lyes szerz\u0151d\u00e9s\u00e1tad\u00e1s a KPA 2401-es felh\u00edv\u00e1s keret\u00e9ben sikeresen p\u00e1ly\u00e1zott szlov\u00e1kiai v\u00e9gs\u0151 kedvezm\u00e9nyezettek r\u00e9sz\u00e9re - spf-viacarpatia.eu | Fond mal\u00fdch projektov","isPartOf":{"@id":"https:\/\/spf-viacarpatia.eu\/#website"},"primaryImageOfPage":{"@id":"https:\/\/spf-viacarpatia.eu\/hu\/gallery\/unnepelyes-szerzodesatadas-a-kpa-2401-es-felhivas-kereteben-sikeresen-palyazott-szlovakiai-vegso-kedvezmenyezettek-reszere\/#primaryimage"},"image":{"@id":"https:\/\/spf-viacarpatia.eu\/hu\/gallery\/unnepelyes-szerzodesatadas-a-kpa-2401-es-felhivas-kereteben-sikeresen-palyazott-szlovakiai-vegso-kedvezmenyezettek-reszere\/#primaryimage"},"thumbnailUrl":"https:\/\/spf-viacarpatia.eu\/wp-content\/uploads\/2025\/04\/79-DSC08592-scaled.jpg","datePublished":"2025-04-09T14:06:34+00:00","inLanguage":"hu","potentialAction":[{"@type":"ReadAction","target":["https:\/\/spf-viacarpatia.eu\/hu\/gallery\/unnepelyes-szerzodesatadas-a-kpa-2401-es-felhivas-kereteben-sikeresen-palyazott-szlovakiai-vegso-kedvezmenyezettek-reszere\/"]}]},{"@type":"ImageObject","inLanguage":"hu","@id":"https:\/\/spf-viacarpatia.eu\/hu\/gallery\/unnepelyes-szerzodesatadas-a-kpa-2401-es-felhivas-kereteben-sikeresen-palyazott-szlovakiai-vegso-kedvezmenyezettek-reszere\/#primaryimage","url":"https:\/\/spf-viacarpatia.eu\/wp-content\/uploads\/2025\/04\/79-DSC08592-scaled.jpg","contentUrl":"https:\/\/spf-viacarpatia.eu\/wp-content\/uploads\/2025\/04\/79-DSC08592-scaled.jpg","width":2560,"height":1707},{"@type":"WebSite","@id":"https:\/\/spf-viacarpatia.eu\/#website","url":"https:\/\/spf-viacarpatia.eu\/","name":"ViaCarpatia","description":"Fond mal\u00fdch projektov","alternateName":"ViaCarpatia","potentialAction":[{"@type":"SearchAction","target":{"@type":"EntryPoint","urlTemplate":"https:\/\/spf-viacarpatia.eu\/?s={search_term_string}"},"query-input":{"@type":"PropertyValueSpecification","valueRequired":true,"valueName":"search_term_string"}}],"inLanguage":"hu"}]}},"_links":{"self":[{"href":"https:\/\/spf-viacarpatia.eu\/hu\/wp-json\/wp\/v2\/gallery\/9515","targetHints":{"allow":["GET"]}}],"collection":[{"href":"https:\/\/spf-viacarpatia.eu\/hu\/wp-json\/wp\/v2\/gallery"}],"about":[{"href":"https:\/\/spf-viacarpatia.eu\/hu\/wp-json\/wp\/v2\/types\/gallery"}],"wp:featuredmedia":[{"embeddable":true,"href":"https:\/\/spf-viacarpatia.eu\/hu\/wp-json\/wp\/v2\/media\/9507"}],"wp:attachment":[{"href":"https:\/\/spf-viacarpatia.eu\/hu\/wp-json\/wp\/v2\/media?parent=9515"}],"curies":[{"name":"wp","href":"https:\/\/api.w.org\/{rel}","templated":true}]}}

Ünnepélyes szerződésátadás a KPA 2401-es felhívás keretében sikeresen pályázott szlovákiai végső kedvezményezettek részére

<!-- This site is optimized with the Yoast SEO plugin v27.5 - https://yoast.com/product/yoast-seo-wordpress/ -->
<title>Ünnepélyes szerződésátadás a KPA 2401-es felhívás keretében sikeresen pályázott szlovákiai végső kedvezményezettek részére - spf-viacarpatia.eu | Fond malých projektov</title>
<meta name="robots" content="index, follow, max-snippet:-1, max-image-preview:large, max-video-preview:-1" />
<link rel="canonical" href="https://spf-viacarpatia.eu/hu/gallery/unnepelyes-szerzodesatadas-a-kpa-2401-es-felhivas-kereteben-sikeresen-palyazott-szlovakiai-vegso-kedvezmenyezettek-reszere/" />
<meta property="og:locale" content="hu_HU" />
<meta property="og:type" content="article" />
<meta property="og:title" content="Ünnepélyes szerződésátadás a KPA 2401-es felhívás keretében sikeresen pályázott szlovákiai végső kedvezményezettek részére - spf-viacarpatia.eu | Fond malých projektov" />
<meta property="og:url" content="https://spf-viacarpatia.eu/hu/gallery/unnepelyes-szerzodesatadas-a-kpa-2401-es-felhivas-kereteben-sikeresen-palyazott-szlovakiai-vegso-kedvezmenyezettek-reszere/" />
<meta property="og:site_name" content="spf-viacarpatia.eu | Fond malých projektov" />
<meta property="og:image" content="https://spf-viacarpatia.eu/wp-content/uploads/2025/04/79-DSC08592-scaled.jpg" />
	<meta property="og:image:width" content="2560" />
	<meta property="og:image:height" content="1707" />
	<meta property="og:image:type" content="image/jpeg" />
<meta name="twitter:card" content="summary_large_image" />
<meta name="twitter:label1" content="Becsült olvasási idő" />
	<meta name="twitter:data1" content="1 perc" />
<script type="application/ld+json" class="yoast-schema-graph">{"@context":"https:\/\/schema.org","@graph":[{"@type":"WebPage","@id":"https:\/\/spf-viacarpatia.eu\/hu\/gallery\/unnepelyes-szerzodesatadas-a-kpa-2401-es-felhivas-kereteben-sikeresen-palyazott-szlovakiai-vegso-kedvezmenyezettek-reszere\/","url":"https:\/\/spf-viacarpatia.eu\/hu\/gallery\/unnepelyes-szerzodesatadas-a-kpa-2401-es-felhivas-kereteben-sikeresen-palyazott-szlovakiai-vegso-kedvezmenyezettek-reszere\/","name":"Ünnepélyes szerződésátadás a KPA 2401-es felhívás keretében sikeresen pályázott szlovákiai végső kedvezményezettek részére - spf-viacarpatia.eu | Fond malých projektov","isPartOf":{"@id":"https:\/\/spf-viacarpatia.eu\/#website"},"primaryImageOfPage":{"@id":"https:\/\/spf-viacarpatia.eu\/hu\/gallery\/unnepelyes-szerzodesatadas-a-kpa-2401-es-felhivas-kereteben-sikeresen-palyazott-szlovakiai-vegso-kedvezmenyezettek-reszere\/#primaryimage"},"image":{"@id":"https:\/\/spf-viacarpatia.eu\/hu\/gallery\/unnepelyes-szerzodesatadas-a-kpa-2401-es-felhivas-kereteben-sikeresen-palyazott-szlovakiai-vegso-kedvezmenyezettek-reszere\/#primaryimage"},"thumbnailUrl":"https:\/\/spf-viacarpatia.eu\/wp-content\/uploads\/2025\/04\/79-DSC08592-scaled.jpg","datePublished":"2025-04-09T14:06:34+00:00","inLanguage":"hu","potentialAction":[{"@type":"ReadAction","target":["https:\/\/spf-viacarpatia.eu\/hu\/gallery\/unnepelyes-szerzodesatadas-a-kpa-2401-es-felhivas-kereteben-sikeresen-palyazott-szlovakiai-vegso-kedvezmenyezettek-reszere\/"]}]},{"@type":"ImageObject","inLanguage":"hu","@id":"https:\/\/spf-viacarpatia.eu\/hu\/gallery\/unnepelyes-szerzodesatadas-a-kpa-2401-es-felhivas-kereteben-sikeresen-palyazott-szlovakiai-vegso-kedvezmenyezettek-reszere\/#primaryimage","url":"https:\/\/spf-viacarpatia.eu\/wp-content\/uploads\/2025\/04\/79-DSC08592-scaled.jpg","contentUrl":"https:\/\/spf-viacarpatia.eu\/wp-content\/uploads\/2025\/04\/79-DSC08592-scaled.jpg","width":2560,"height":1707},{"@type":"WebSite","@id":"https:\/\/spf-viacarpatia.eu\/#website","url":"https:\/\/spf-viacarpatia.eu\/","name":"ViaCarpatia","description":"Fond malých projektov","alternateName":"ViaCarpatia","potentialAction":[{"@type":"SearchAction","target":{"@type":"EntryPoint","urlTemplate":"https:\/\/spf-viacarpatia.eu\/?s={search_term_string}"},"query-input":{"@type":"PropertyValueSpecification","valueRequired":true,"valueName":"search_term_string"}}],"inLanguage":"hu"}]}</script>
<!-- / Yoast SEO plugin. -->

Ünnepélyes szerződésátadás a KPA 2401-es felhívás keretében sikeresen pályázott szlovákiai végső kedvezményezettek részére - spf-viacarpatia.eu | Fond malých projektov

spf-viacarpatia.eu | Fond malých projektov

Fond malých projektov
