{"id":7843,"date":"2023-10-09T15:10:59","date_gmt":"2023-10-09T13:10:59","guid":{"rendered":"https:\/\/spf-viacarpatia.eu\/program\/program-interreg\/"},"modified":"2023-10-16T12:47:21","modified_gmt":"2023-10-16T10:47:21","slug":"interreg-vi-a-magyarorszag-szlovakia-program","status":"publish","type":"page","link":"https:\/\/spf-viacarpatia.eu\/hu\/program\/interreg-vi-a-magyarorszag-szlovakia-program\/","title":{"rendered":"Interreg VI-A Magyarorsz\u00e1g-Szlov\u00e1kia Program"},"content":{"rendered":"<p>A R\u00e1ba-Duna-V\u00e1g \u00e9s a Via Carpatia Eur\u00f3pai Ter\u00fcleti T\u00e1rsul\u00e1sok (tov\u00e1bbiakban: ETT) Magyarorsz\u00e1g K\u00fclgazdas\u00e1gi \u00e9s K\u00fcl\u00fcgyminiszt\u00e9riuma, mint Ir\u00e1ny\u00edt\u00f3 Hat\u00f3s\u00e1g (IH), valamint a Szlov\u00e1k K\u00f6zt\u00e1rsas\u00e1g Beruh\u00e1z\u00e1si, Region\u00e1lis Fejleszt\u00e9si \u00e9s Informatikai Miniszt\u00e9riuma, mint Nemzeti Hat\u00f3s\u00e1g (NH) nev\u00e9ben z\u00e1rt v\u00e9g\u0171, ny\u00edlt p\u00e1ly\u00e1zati felh\u00edv\u00e1st tesznek k\u00f6zz\u00e9. A p\u00e1ly\u00e1zati felh\u00edv\u00e1st az Interreg VI-A Magyarorsz\u00e1g-Szlov\u00e1kia Programban meghirdetett Kisprojekt Alap finansz\u00edrozza. A Kisprojekt Alap a Program 3. priorit\u00e1si tengely\u00e9nek keret\u00e9ben val\u00f3sul az al\u00e1bbiak szerint:<\/p>\n<ul>\n<li>Priorit\u00e1si tengely: PA3 \u2013 Int\u00e9zm\u00e9nyi egy\u00fcttm\u0171k\u00f6d\u00e9sek<\/li>\n<li>Specifikus c\u00e9lkit\u0171z\u00e9s: ISO1 &#8211; SO(c) A k\u00f6lcs\u00f6n\u00f6s bizalom \u00e9p\u00edt\u00e9se, k\u00fcl\u00f6n\u00f6sen az emberek k\u00f6z\u00f6tti kapcsolatokat er\u0151s\u00edt\u0151 fell\u00e9p\u00e9sek el\u0151mozd\u00edt\u00e1s\u00e1val<\/li>\n<li>Int\u00e9zked\u00e9s 3.2 \u2013 A k\u00f6lcs\u00f6n\u00f6s bizalom megteremt\u00e9se<\/li>\n<\/ul>\n","protected":false},"excerpt":{"rendered":"<p>A R\u00e1ba-Duna-V\u00e1g \u00e9s a Via Carpatia Eur\u00f3pai Ter\u00fcleti T\u00e1rsul\u00e1sok (tov\u00e1bbiakban: ETT) Magyarorsz\u00e1g K\u00fclgazdas\u00e1gi \u00e9s K\u00fcl\u00fcgyminiszt\u00e9riuma, mint Ir\u00e1ny\u00edt\u00f3 Hat\u00f3s\u00e1g (IH), valamint a Szlov\u00e1k K\u00f6zt\u00e1rsas\u00e1g Beruh\u00e1z\u00e1si, Region\u00e1lis Fejleszt\u00e9si \u00e9s Informatikai Miniszt\u00e9riuma, mint Nemzeti Hat\u00f3s\u00e1g (NH) nev\u00e9ben z\u00e1rt v\u00e9g\u0171, ny\u00edlt p\u00e1ly\u00e1zati felh\u00edv\u00e1st tesznek k\u00f6zz\u00e9. A p\u00e1ly\u00e1zati felh\u00edv\u00e1st az Interreg VI-A Magyarorsz\u00e1g-Szlov\u00e1kia Programban meghirdetett Kisprojekt Alap finansz\u00edrozza. A Kisprojekt [&hellip;]<\/p>\n","protected":false},"author":1,"featured_media":0,"parent":7837,"menu_order":0,"comment_status":"closed","ping_status":"closed","template":"","meta":{"inline_featured_image":false,"footnotes":""},"class_list":["post-7843","page","type-page","status-publish","hentry"],"acf":[],"yoast_head":"<!-- This site is optimized with the Yoast SEO plugin v27.5 - https:\/\/yoast.com\/product\/yoast-seo-wordpress\/ -->\n<title>Interreg VI-A Magyarorsz\u00e1g-Szlov\u00e1kia Program - spf-viacarpatia.eu | Fond mal\u00fdch projektov<\/title>\n<meta name=\"robots\" content=\"index, follow, max-snippet:-1, max-image-preview:large, max-video-preview:-1\" \/>\n<link rel=\"canonical\" href=\"https:\/\/spf-viacarpatia.eu\/hu\/program\/interreg-vi-a-magyarorszag-szlovakia-program\/\" \/>\n<meta property=\"og:locale\" content=\"hu_HU\" \/>\n<meta property=\"og:type\" content=\"article\" \/>\n<meta property=\"og:title\" content=\"Interreg VI-A Magyarorsz\u00e1g-Szlov\u00e1kia Program - spf-viacarpatia.eu | Fond mal\u00fdch projektov\" \/>\n<meta property=\"og:description\" content=\"A R\u00e1ba-Duna-V\u00e1g \u00e9s a Via Carpatia Eur\u00f3pai Ter\u00fcleti T\u00e1rsul\u00e1sok (tov\u00e1bbiakban: ETT) Magyarorsz\u00e1g K\u00fclgazdas\u00e1gi \u00e9s K\u00fcl\u00fcgyminiszt\u00e9riuma, mint Ir\u00e1ny\u00edt\u00f3 Hat\u00f3s\u00e1g (IH), valamint a Szlov\u00e1k K\u00f6zt\u00e1rsas\u00e1g Beruh\u00e1z\u00e1si, Region\u00e1lis Fejleszt\u00e9si \u00e9s Informatikai Miniszt\u00e9riuma, mint Nemzeti Hat\u00f3s\u00e1g (NH) nev\u00e9ben z\u00e1rt v\u00e9g\u0171, ny\u00edlt p\u00e1ly\u00e1zati felh\u00edv\u00e1st tesznek k\u00f6zz\u00e9. A p\u00e1ly\u00e1zati felh\u00edv\u00e1st az Interreg VI-A Magyarorsz\u00e1g-Szlov\u00e1kia Programban meghirdetett Kisprojekt Alap finansz\u00edrozza. A Kisprojekt [&hellip;]\" \/>\n<meta property=\"og:url\" content=\"https:\/\/spf-viacarpatia.eu\/hu\/program\/interreg-vi-a-magyarorszag-szlovakia-program\/\" \/>\n<meta property=\"og:site_name\" content=\"spf-viacarpatia.eu | Fond mal\u00fdch projektov\" \/>\n<meta property=\"article:modified_time\" content=\"2023-10-16T10:47:21+00:00\" \/>\n<meta name=\"twitter:card\" content=\"summary_large_image\" \/>\n<meta name=\"twitter:label1\" content=\"Becs\u00fclt olvas\u00e1si id\u0151\" \/>\n\t<meta name=\"twitter:data1\" content=\"1 perc\" \/>\n<script type=\"application\/ld+json\" class=\"yoast-schema-graph\">{\"@context\":\"https:\\\/\\\/schema.org\",\"@graph\":[{\"@type\":\"WebPage\",\"@id\":\"https:\\\/\\\/spf-viacarpatia.eu\\\/hu\\\/program\\\/interreg-vi-a-magyarorszag-szlovakia-program\\\/\",\"url\":\"https:\\\/\\\/spf-viacarpatia.eu\\\/hu\\\/program\\\/interreg-vi-a-magyarorszag-szlovakia-program\\\/\",\"name\":\"Interreg VI-A Magyarorsz\u00e1g-Szlov\u00e1kia Program - spf-viacarpatia.eu | Fond mal\u00fdch projektov\",\"isPartOf\":{\"@id\":\"https:\\\/\\\/spf-viacarpatia.eu\\\/#website\"},\"datePublished\":\"2023-10-09T13:10:59+00:00\",\"dateModified\":\"2023-10-16T10:47:21+00:00\",\"breadcrumb\":{\"@id\":\"https:\\\/\\\/spf-viacarpatia.eu\\\/hu\\\/program\\\/interreg-vi-a-magyarorszag-szlovakia-program\\\/#breadcrumb\"},\"inLanguage\":\"hu\",\"potentialAction\":[{\"@type\":\"ReadAction\",\"target\":[\"https:\\\/\\\/spf-viacarpatia.eu\\\/hu\\\/program\\\/interreg-vi-a-magyarorszag-szlovakia-program\\\/\"]}]},{\"@type\":\"BreadcrumbList\",\"@id\":\"https:\\\/\\\/spf-viacarpatia.eu\\\/hu\\\/program\\\/interreg-vi-a-magyarorszag-szlovakia-program\\\/#breadcrumb\",\"itemListElement\":[{\"@type\":\"ListItem\",\"position\":1,\"name\":\"Program\",\"item\":\"https:\\\/\\\/spf-viacarpatia.eu\\\/hu\\\/program\\\/\"},{\"@type\":\"ListItem\",\"position\":2,\"name\":\"Interreg VI-A Magyarorsz\u00e1g-Szlov\u00e1kia Program\"}]},{\"@type\":\"WebSite\",\"@id\":\"https:\\\/\\\/spf-viacarpatia.eu\\\/#website\",\"url\":\"https:\\\/\\\/spf-viacarpatia.eu\\\/\",\"name\":\"ViaCarpatia\",\"description\":\"Fond mal\u00fdch projektov\",\"alternateName\":\"ViaCarpatia\",\"potentialAction\":[{\"@type\":\"SearchAction\",\"target\":{\"@type\":\"EntryPoint\",\"urlTemplate\":\"https:\\\/\\\/spf-viacarpatia.eu\\\/?s={search_term_string}\"},\"query-input\":{\"@type\":\"PropertyValueSpecification\",\"valueRequired\":true,\"valueName\":\"search_term_string\"}}],\"inLanguage\":\"hu\"}]}<\/script>\n<!-- \/ Yoast SEO plugin. -->","yoast_head_json":{"title":"Interreg VI-A Magyarorsz\u00e1g-Szlov\u00e1kia Program - spf-viacarpatia.eu | Fond mal\u00fdch projektov","robots":{"index":"index","follow":"follow","max-snippet":"max-snippet:-1","max-image-preview":"max-image-preview:large","max-video-preview":"max-video-preview:-1"},"canonical":"https:\/\/spf-viacarpatia.eu\/hu\/program\/interreg-vi-a-magyarorszag-szlovakia-program\/","og_locale":"hu_HU","og_type":"article","og_title":"Interreg VI-A Magyarorsz\u00e1g-Szlov\u00e1kia Program - spf-viacarpatia.eu | Fond mal\u00fdch projektov","og_description":"A R\u00e1ba-Duna-V\u00e1g \u00e9s a Via Carpatia Eur\u00f3pai Ter\u00fcleti T\u00e1rsul\u00e1sok (tov\u00e1bbiakban: ETT) Magyarorsz\u00e1g K\u00fclgazdas\u00e1gi \u00e9s K\u00fcl\u00fcgyminiszt\u00e9riuma, mint Ir\u00e1ny\u00edt\u00f3 Hat\u00f3s\u00e1g (IH), valamint a Szlov\u00e1k K\u00f6zt\u00e1rsas\u00e1g Beruh\u00e1z\u00e1si, Region\u00e1lis Fejleszt\u00e9si \u00e9s Informatikai Miniszt\u00e9riuma, mint Nemzeti Hat\u00f3s\u00e1g (NH) nev\u00e9ben z\u00e1rt v\u00e9g\u0171, ny\u00edlt p\u00e1ly\u00e1zati felh\u00edv\u00e1st tesznek k\u00f6zz\u00e9. A p\u00e1ly\u00e1zati felh\u00edv\u00e1st az Interreg VI-A Magyarorsz\u00e1g-Szlov\u00e1kia Programban meghirdetett Kisprojekt Alap finansz\u00edrozza. A Kisprojekt [&hellip;]","og_url":"https:\/\/spf-viacarpatia.eu\/hu\/program\/interreg-vi-a-magyarorszag-szlovakia-program\/","og_site_name":"spf-viacarpatia.eu | Fond mal\u00fdch projektov","article_modified_time":"2023-10-16T10:47:21+00:00","twitter_card":"summary_large_image","twitter_misc":{"Becs\u00fclt olvas\u00e1si id\u0151":"1 perc"},"schema":{"@context":"https:\/\/schema.org","@graph":[{"@type":"WebPage","@id":"https:\/\/spf-viacarpatia.eu\/hu\/program\/interreg-vi-a-magyarorszag-szlovakia-program\/","url":"https:\/\/spf-viacarpatia.eu\/hu\/program\/interreg-vi-a-magyarorszag-szlovakia-program\/","name":"Interreg VI-A Magyarorsz\u00e1g-Szlov\u00e1kia Program - spf-viacarpatia.eu | Fond mal\u00fdch projektov","isPartOf":{"@id":"https:\/\/spf-viacarpatia.eu\/#website"},"datePublished":"2023-10-09T13:10:59+00:00","dateModified":"2023-10-16T10:47:21+00:00","breadcrumb":{"@id":"https:\/\/spf-viacarpatia.eu\/hu\/program\/interreg-vi-a-magyarorszag-szlovakia-program\/#breadcrumb"},"inLanguage":"hu","potentialAction":[{"@type":"ReadAction","target":["https:\/\/spf-viacarpatia.eu\/hu\/program\/interreg-vi-a-magyarorszag-szlovakia-program\/"]}]},{"@type":"BreadcrumbList","@id":"https:\/\/spf-viacarpatia.eu\/hu\/program\/interreg-vi-a-magyarorszag-szlovakia-program\/#breadcrumb","itemListElement":[{"@type":"ListItem","position":1,"name":"Program","item":"https:\/\/spf-viacarpatia.eu\/hu\/program\/"},{"@type":"ListItem","position":2,"name":"Interreg VI-A Magyarorsz\u00e1g-Szlov\u00e1kia Program"}]},{"@type":"WebSite","@id":"https:\/\/spf-viacarpatia.eu\/#website","url":"https:\/\/spf-viacarpatia.eu\/","name":"ViaCarpatia","description":"Fond mal\u00fdch projektov","alternateName":"ViaCarpatia","potentialAction":[{"@type":"SearchAction","target":{"@type":"EntryPoint","urlTemplate":"https:\/\/spf-viacarpatia.eu\/?s={search_term_string}"},"query-input":{"@type":"PropertyValueSpecification","valueRequired":true,"valueName":"search_term_string"}}],"inLanguage":"hu"}]}},"_links":{"self":[{"href":"https:\/\/spf-viacarpatia.eu\/hu\/wp-json\/wp\/v2\/pages\/7843","targetHints":{"allow":["GET"]}}],"collection":[{"href":"https:\/\/spf-viacarpatia.eu\/hu\/wp-json\/wp\/v2\/pages"}],"about":[{"href":"https:\/\/spf-viacarpatia.eu\/hu\/wp-json\/wp\/v2\/types\/page"}],"author":[{"embeddable":true,"href":"https:\/\/spf-viacarpatia.eu\/hu\/wp-json\/wp\/v2\/users\/1"}],"replies":[{"embeddable":true,"href":"https:\/\/spf-viacarpatia.eu\/hu\/wp-json\/wp\/v2\/comments?post=7843"}],"version-history":[{"count":2,"href":"https:\/\/spf-viacarpatia.eu\/hu\/wp-json\/wp\/v2\/pages\/7843\/revisions"}],"predecessor-version":[{"id":7848,"href":"https:\/\/spf-viacarpatia.eu\/hu\/wp-json\/wp\/v2\/pages\/7843\/revisions\/7848"}],"up":[{"embeddable":true,"href":"https:\/\/spf-viacarpatia.eu\/hu\/wp-json\/wp\/v2\/pages\/7837"}],"wp:attachment":[{"href":"https:\/\/spf-viacarpatia.eu\/hu\/wp-json\/wp\/v2\/media?parent=7843"}],"curies":[{"name":"wp","href":"https:\/\/api.w.org\/{rel}","templated":true}]}}

Interreg VI-A Magyarország-Szlovákia Program

<p>A Rába-Duna-Vág és a Via Carpatia Európai Területi Társulások (továbbiakban: ETT) Magyarország Külgazdasági és Külügyminisztériuma, mint Irányító Hatóság (IH), valamint a Szlovák Köztársaság Beruházási, Regionális Fejlesztési és Informatikai Minisztériuma, mint Nemzeti Hatóság (NH) nevében zárt végű, nyílt pályázati felhívást tesznek közzé. A pályázati felhívást az Interreg VI-A Magyarország-Szlovákia Programban meghirdetett Kisprojekt Alap finanszírozza. A Kisprojekt Alap a Program 3. prioritási tengelyének keretében valósul az alábbiak szerint:</p>
<ul>
<li>Prioritási tengely: PA3 – Intézményi együttműködések</li>
<li>Specifikus célkitűzés: ISO1 &#8211; SO(c) A kölcsönös bizalom építése, különösen az emberek közötti kapcsolatokat erősítő fellépések előmozdításával</li>
<li>Intézkedés 3.2 – A kölcsönös bizalom megteremtése</li>
</ul>

<p>A Rába-Duna-Vág és a Via Carpatia Európai Területi Társulások (továbbiakban: ETT) Magyarország Külgazdasági és Külügyminisztériuma, mint Irányító Hatóság (IH), valamint a Szlovák Köztársaság Beruházási, Regionális Fejlesztési és Informatikai Minisztériuma, mint Nemzeti Hatóság (NH) nevében zárt végű, nyílt pályázati felhívást tesznek közzé. A pályázati felhívást az Interreg VI-A Magyarország-Szlovákia Programban meghirdetett Kisprojekt Alap finanszírozza. A Kisprojekt [&hellip;]</p>

<!-- This site is optimized with the Yoast SEO plugin v27.5 - https://yoast.com/product/yoast-seo-wordpress/ -->
<title>Interreg VI-A Magyarország-Szlovákia Program - spf-viacarpatia.eu | Fond malých projektov</title>
<meta name="robots" content="index, follow, max-snippet:-1, max-image-preview:large, max-video-preview:-1" />
<link rel="canonical" href="https://spf-viacarpatia.eu/hu/program/interreg-vi-a-magyarorszag-szlovakia-program/" />
<meta property="og:locale" content="hu_HU" />
<meta property="og:type" content="article" />
<meta property="og:title" content="Interreg VI-A Magyarország-Szlovákia Program - spf-viacarpatia.eu | Fond malých projektov" />
<meta property="og:description" content="A Rába-Duna-Vág és a Via Carpatia Európai Területi Társulások (továbbiakban: ETT) Magyarország Külgazdasági és Külügyminisztériuma, mint Irányító Hatóság (IH), valamint a Szlovák Köztársaság Beruházási, Regionális Fejlesztési és Informatikai Minisztériuma, mint Nemzeti Hatóság (NH) nevében zárt végű, nyílt pályázati felhívást tesznek közzé. A pályázati felhívást az Interreg VI-A Magyarország-Szlovákia Programban meghirdetett Kisprojekt Alap finanszírozza. A Kisprojekt [&hellip;]" />
<meta property="og:url" content="https://spf-viacarpatia.eu/hu/program/interreg-vi-a-magyarorszag-szlovakia-program/" />
<meta property="og:site_name" content="spf-viacarpatia.eu | Fond malých projektov" />
<meta property="article:modified_time" content="2023-10-16T10:47:21+00:00" />
<meta name="twitter:card" content="summary_large_image" />
<meta name="twitter:label1" content="Becsült olvasási idő" />
	<meta name="twitter:data1" content="1 perc" />
<script type="application/ld+json" class="yoast-schema-graph">{"@context":"https:\/\/schema.org","@graph":[{"@type":"WebPage","@id":"https:\/\/spf-viacarpatia.eu\/hu\/program\/interreg-vi-a-magyarorszag-szlovakia-program\/","url":"https:\/\/spf-viacarpatia.eu\/hu\/program\/interreg-vi-a-magyarorszag-szlovakia-program\/","name":"Interreg VI-A Magyarország-Szlovákia Program - spf-viacarpatia.eu | Fond malých projektov","isPartOf":{"@id":"https:\/\/spf-viacarpatia.eu\/#website"},"datePublished":"2023-10-09T13:10:59+00:00","dateModified":"2023-10-16T10:47:21+00:00","breadcrumb":{"@id":"https:\/\/spf-viacarpatia.eu\/hu\/program\/interreg-vi-a-magyarorszag-szlovakia-program\/#breadcrumb"},"inLanguage":"hu","potentialAction":[{"@type":"ReadAction","target":["https:\/\/spf-viacarpatia.eu\/hu\/program\/interreg-vi-a-magyarorszag-szlovakia-program\/"]}]},{"@type":"BreadcrumbList","@id":"https:\/\/spf-viacarpatia.eu\/hu\/program\/interreg-vi-a-magyarorszag-szlovakia-program\/#breadcrumb","itemListElement":[{"@type":"ListItem","position":1,"name":"Program","item":"https:\/\/spf-viacarpatia.eu\/hu\/program\/"},{"@type":"ListItem","position":2,"name":"Interreg VI-A Magyarország-Szlovákia Program"}]},{"@type":"WebSite","@id":"https:\/\/spf-viacarpatia.eu\/#website","url":"https:\/\/spf-viacarpatia.eu\/","name":"ViaCarpatia","description":"Fond malých projektov","alternateName":"ViaCarpatia","potentialAction":[{"@type":"SearchAction","target":{"@type":"EntryPoint","urlTemplate":"https:\/\/spf-viacarpatia.eu\/?s={search_term_string}"},"query-input":{"@type":"PropertyValueSpecification","valueRequired":true,"valueName":"search_term_string"}}],"inLanguage":"hu"}]}</script>
<!-- / Yoast SEO plugin. -->

Interreg VI-A Magyarország-Szlovákia Program - spf-viacarpatia.eu | Fond malých projektov

A Rába-Duna-Vág és a Via Carpatia Európai Területi Társulások (továbbiakban: ETT) Magyarország Külgazdasági és Külügyminisztériuma, mint Irányító Hatóság (IH), valamint a Szlovák Köztársaság Beruházási, Regionális Fejlesztési és Informatikai Minisztériuma, mint Nemzeti Hatóság (NH) nevében zárt végű, nyílt pályázati felhívást tesznek közzé. A pályázati felhívást az Interreg VI-A Magyarország-Szlovákia Programban meghirdetett Kisprojekt Alap finanszírozza. A Kisprojekt [&hellip;]

spf-viacarpatia.eu | Fond malých projektov

Fond malých projektov
