{"id":8435,"date":"2024-05-22T13:39:15","date_gmt":"2024-05-22T11:39:15","guid":{"rendered":"https:\/\/spf-viacarpatia.eu\/?post_type=projekty&#038;p=8435"},"modified":"2025-02-11T08:44:26","modified_gmt":"2025-02-11T07:44:26","slug":"kezfogas-klaszter-egyesulet","status":"publish","type":"projekty","link":"https:\/\/spf-viacarpatia.eu\/hu\/projekty\/kezfogas-klaszter-egyesulet\/","title":{"rendered":"K\u00e9zfog\u00e1s Klaszter Egyes\u00fclet"},"content":{"rendered":"<p>A projekt f\u0151 c\u00e9lja a megv\u00e1ltozott munkak\u00e9pess\u00e9g\u0171 szem\u00e9lyek foglalkoz\u00e1si rehabilit\u00e1ci\u00f3j\u00e1ra, ezen bel\u00fcl a v\u00e9dett foglakoztat\u00e1sra, v\u00e9dett munkahelyek helyzet\u00e9re, lehet\u0151s\u00e9geire ir\u00e1nyul\u00f3 inform\u00e1ci\u00f3k<br \/>\n\u00e1tad\u00e1sa, valamint szervezet\u00fcnk ezir\u00e1ny\u00fa tev\u00e9kenys\u00e9g\u00e9nek bemutat\u00e1sa a helyi- \u00e9s hat\u00e1ron t\u00fali \u00e9rintetteknek szakmai konferenci\u00e1k megrendez\u00e9s\u00e9vel Miskolcon. A 2 alkalomb\u00f3l \u00e1ll\u00f3 szakmai program c\u00e9lja a r\u00e9sztvev\u0151 szlov\u00e1k \u00e9s magyar partnerek megismer\u00e9se, j\u00f3 gyakorlatok \u00e1tad\u00e1sa, akkredit\u00e1lt foglalkoztat\u00f3k\u00e9nt t\u00f6rt\u00e9n\u0151 bemutatkoz\u00e1s, m\u0171k\u00f6d\u00e9s\u00fck megismertet\u00e9se a m\u00e1sik f\u00e9llel. A m\u0171helymunka sor\u00e1n az egy\u00fcttm\u0171k\u00f6d\u0151 partnerek k\u00f6z\u00f6tti kapcsolat meger\u0151s\u00edt\u00e9se sor\u00e1n a projekt c\u00e9ljaival \u00f6sszhangban t\u00f6rt\u00e9n\u0151 k\u00f6z\u00f6s munka f\u00f3ruma ker\u00fcl kialak\u00edt\u00e1sra. A szlov\u00e1k \u00e9s magyar szakemberek sz\u00e1m\u00e1ra a megv\u00e1ltozott munkak\u00e9pess\u00e9g\u0171 foglalkoztat\u00e1s aspektusainak megismer\u00e9s\u00e9re \u00e9s tanulm\u00e1nyoz\u00e1s\u00e1ra ny\u00edlik ez\u00e1ltal lehet\u0151s\u00e9g. C\u00e9lunk, hogy a val\u00f3di \u00e9rt\u00e9kteremt\u00e9s mellett min\u0151s\u00e9gi, versenyk\u00e9pes term\u00e9keket \u00e9s szolg\u00e1ltat\u00e1sokat k\u00edn\u00e1ljunk a hat\u00e1rmenti r\u00e9gi\u00f3 piaci ig\u00e9nyeire szabva. \u00d6sszefogni \u00e9s t\u00e1mogatni k\u00edv\u00e1njuk a szoci\u00e1lis v\u00e1llalkoz\u00e1sokat, biztos\u00edtani, hogy tev\u00e9kenys\u00e9geik hossz\u00fa t\u00e1von is fenntarthat\u00f3k legyenek. Kiutat szeretn\u00e9nk mutatni a munkan\u00e9lk\u00fclis\u00e9gb\u0151l a h\u00e1tr\u00e1nyban l\u00e9v\u0151 munkav\u00e1llal\u00f3k n\u00f6vekv\u0151 csoportjai sz\u00e1m\u00e1ra, sz\u00e1mukra \u00faj helyet keresni \u00e9s tal\u00e1lni a gazdas\u00e1gi t\u00e9rk\u00e9pen. Ennek t\u00e1mogat\u00e1s\u00e1ra jelen projekt kiv\u00e1l\u00f3 alkalmat biztos\u00edt, egy szlov\u00e1k partnerszervezet bevon\u00e1s\u00e1val. Projektpartner\u00fcnk, a Szlov\u00e1k V\u00f6r\u00f6skereszt Losonci Szervezete (Slovensk\u00fd \u010cerven\u00fd kr\u00ed\u017e Lu\u010denec) ell\u00e1tja az SRC t\u00f6rv\u00e9nyben \u00e9s m\u00e1s \u00e1ltal\u00e1nosan k\u00f6telez\u0151 jogszab\u00e1lyokban el\u0151\u00edrt feladatokat. A szakmai programokra 101 f\u0151 r\u00e9szv\u00e9tel\u00e9t biztos\u00edtja a hat\u00e1ron t\u00falr\u00f3l.<\/p>\n<table width=\"500\">\n<tbody>\n<tr>\n<td width=\"255\"><strong>A\u00a0kisprojekt megnevez\u00e9se:<\/strong><\/td>\n<td width=\"245\">V\u00e9dett Foglalkoztat\u00f3k Hat\u00e1ron \u00c1tny\u00fal\u00f3 Szakmai Konferenci\u00e1ja<\/td>\n<\/tr>\n<tr>\n<td width=\"255\"><strong>A kisprojekt r\u00f6vid c\u00edme:\u00a0<\/strong><\/td>\n<td width=\"245\">V\u00e9dett Foglalkoztat\u00e1s<\/td>\n<\/tr>\n<tr>\n<td width=\"255\"><strong>A felh\u00edv\u00e1s k\u00f3dja:<\/strong><\/td>\n<td width=\"245\">HUSK\/2301\/3.1\/020<\/td>\n<\/tr>\n<tr>\n<td width=\"255\"><strong>Priorit\u00e1si tengely:\u00a0<\/strong><\/td>\n<td width=\"245\">3. \u2013 Institutional cooperations<\/td>\n<\/tr>\n<tr>\n<td width=\"255\"><strong>Specifikus c\u00e9l:<\/strong><\/td>\n<td width=\"245\">3.2.1 \u2013 Small project fund<\/td>\n<\/tr>\n<tr>\n<td width=\"255\"><strong>Kisprojekt k\u00f3dja:\u00a0\u00a0<\/strong><\/td>\n<td width=\"245\">HUSK\/SPF\/2301\/3.2\/121<\/td>\n<\/tr>\n<tr>\n<td width=\"255\"><strong>A kisprojekt teljes k\u00f6lts\u00e9gvet\u00e9se:<\/strong><\/td>\n<td width=\"245\">39 643,75 \u20ac<\/td>\n<\/tr>\n<tr>\n<td width=\"255\"><strong>ERFA hozz\u00e1j\u00e1rul\u00e1s:<\/strong><\/td>\n<td width=\"245\">31 715,00 \u20ac<\/td>\n<\/tr>\n<tr>\n<td width=\"255\"><strong>A kisprojekt kezdete:<\/strong><\/td>\n<td width=\"245\">2024.03.01.<\/td>\n<\/tr>\n<tr>\n<td width=\"255\"><strong>A kisprojekt v\u00e9ge:<\/strong><\/td>\n<td width=\"245\">2024.05.31.<\/td>\n<\/tr>\n<\/tbody>\n<\/table>\n","protected":false},"featured_media":0,"template":"","projekt-kategoria":[25],"class_list":["post-8435","projekty","type-projekty","status-publish","hentry","projekt-kategoria-a-kisprojekt-alap-elso-felhivasanak-tamogatott-projektjei-husk-spf-230"],"acf":[],"yoast_head":"<!-- This site is optimized with the Yoast SEO plugin v27.5 - https:\/\/yoast.com\/product\/yoast-seo-wordpress\/ -->\n<title>K\u00e9zfog\u00e1s Klaszter Egyes\u00fclet - spf-viacarpatia.eu | Fond mal\u00fdch projektov<\/title>\n<meta name=\"robots\" content=\"index, follow, max-snippet:-1, max-image-preview:large, max-video-preview:-1\" \/>\n<link rel=\"canonical\" href=\"https:\/\/spf-viacarpatia.eu\/hu\/projekty\/kezfogas-klaszter-egyesulet\/\" \/>\n<meta property=\"og:locale\" content=\"hu_HU\" \/>\n<meta property=\"og:type\" content=\"article\" \/>\n<meta property=\"og:title\" content=\"K\u00e9zfog\u00e1s Klaszter Egyes\u00fclet - spf-viacarpatia.eu | Fond mal\u00fdch projektov\" \/>\n<meta property=\"og:description\" content=\"A projekt f\u0151 c\u00e9lja a megv\u00e1ltozott munkak\u00e9pess\u00e9g\u0171 szem\u00e9lyek foglalkoz\u00e1si rehabilit\u00e1ci\u00f3j\u00e1ra, ezen bel\u00fcl a v\u00e9dett foglakoztat\u00e1sra, v\u00e9dett munkahelyek helyzet\u00e9re, lehet\u0151s\u00e9geire ir\u00e1nyul\u00f3 inform\u00e1ci\u00f3k \u00e1tad\u00e1sa, valamint szervezet\u00fcnk ezir\u00e1ny\u00fa tev\u00e9kenys\u00e9g\u00e9nek bemutat\u00e1sa a helyi- \u00e9s hat\u00e1ron t\u00fali \u00e9rintetteknek szakmai konferenci\u00e1k megrendez\u00e9s\u00e9vel Miskolcon. A 2 alkalomb\u00f3l \u00e1ll\u00f3 szakmai program c\u00e9lja a r\u00e9sztvev\u0151 szlov\u00e1k \u00e9s magyar partnerek megismer\u00e9se, j\u00f3 gyakorlatok \u00e1tad\u00e1sa, akkredit\u00e1lt [&hellip;]\" \/>\n<meta property=\"og:url\" content=\"https:\/\/spf-viacarpatia.eu\/hu\/projekty\/kezfogas-klaszter-egyesulet\/\" \/>\n<meta property=\"og:site_name\" content=\"spf-viacarpatia.eu | Fond mal\u00fdch projektov\" \/>\n<meta property=\"article:modified_time\" content=\"2025-02-11T07:44:26+00:00\" \/>\n<meta name=\"twitter:card\" content=\"summary_large_image\" \/>\n<meta name=\"twitter:label1\" content=\"Becs\u00fclt olvas\u00e1si id\u0151\" \/>\n\t<meta name=\"twitter:data1\" content=\"2 perc\" \/>\n<script type=\"application\/ld+json\" class=\"yoast-schema-graph\">{\"@context\":\"https:\\\/\\\/schema.org\",\"@graph\":[{\"@type\":\"WebPage\",\"@id\":\"https:\\\/\\\/spf-viacarpatia.eu\\\/hu\\\/projekty\\\/kezfogas-klaszter-egyesulet\\\/\",\"url\":\"https:\\\/\\\/spf-viacarpatia.eu\\\/hu\\\/projekty\\\/kezfogas-klaszter-egyesulet\\\/\",\"name\":\"K\u00e9zfog\u00e1s Klaszter Egyes\u00fclet - spf-viacarpatia.eu | Fond mal\u00fdch projektov\",\"isPartOf\":{\"@id\":\"https:\\\/\\\/spf-viacarpatia.eu\\\/#website\"},\"datePublished\":\"2024-05-22T11:39:15+00:00\",\"dateModified\":\"2025-02-11T07:44:26+00:00\",\"inLanguage\":\"hu\",\"potentialAction\":[{\"@type\":\"ReadAction\",\"target\":[\"https:\\\/\\\/spf-viacarpatia.eu\\\/hu\\\/projekty\\\/kezfogas-klaszter-egyesulet\\\/\"]}]},{\"@type\":\"WebSite\",\"@id\":\"https:\\\/\\\/spf-viacarpatia.eu\\\/#website\",\"url\":\"https:\\\/\\\/spf-viacarpatia.eu\\\/\",\"name\":\"ViaCarpatia\",\"description\":\"Fond mal\u00fdch projektov\",\"alternateName\":\"ViaCarpatia\",\"potentialAction\":[{\"@type\":\"SearchAction\",\"target\":{\"@type\":\"EntryPoint\",\"urlTemplate\":\"https:\\\/\\\/spf-viacarpatia.eu\\\/?s={search_term_string}\"},\"query-input\":{\"@type\":\"PropertyValueSpecification\",\"valueRequired\":true,\"valueName\":\"search_term_string\"}}],\"inLanguage\":\"hu\"}]}<\/script>\n<!-- \/ Yoast SEO plugin. -->","yoast_head_json":{"title":"K\u00e9zfog\u00e1s Klaszter Egyes\u00fclet - spf-viacarpatia.eu | Fond mal\u00fdch projektov","robots":{"index":"index","follow":"follow","max-snippet":"max-snippet:-1","max-image-preview":"max-image-preview:large","max-video-preview":"max-video-preview:-1"},"canonical":"https:\/\/spf-viacarpatia.eu\/hu\/projekty\/kezfogas-klaszter-egyesulet\/","og_locale":"hu_HU","og_type":"article","og_title":"K\u00e9zfog\u00e1s Klaszter Egyes\u00fclet - spf-viacarpatia.eu | Fond mal\u00fdch projektov","og_description":"A projekt f\u0151 c\u00e9lja a megv\u00e1ltozott munkak\u00e9pess\u00e9g\u0171 szem\u00e9lyek foglalkoz\u00e1si rehabilit\u00e1ci\u00f3j\u00e1ra, ezen bel\u00fcl a v\u00e9dett foglakoztat\u00e1sra, v\u00e9dett munkahelyek helyzet\u00e9re, lehet\u0151s\u00e9geire ir\u00e1nyul\u00f3 inform\u00e1ci\u00f3k \u00e1tad\u00e1sa, valamint szervezet\u00fcnk ezir\u00e1ny\u00fa tev\u00e9kenys\u00e9g\u00e9nek bemutat\u00e1sa a helyi- \u00e9s hat\u00e1ron t\u00fali \u00e9rintetteknek szakmai konferenci\u00e1k megrendez\u00e9s\u00e9vel Miskolcon. A 2 alkalomb\u00f3l \u00e1ll\u00f3 szakmai program c\u00e9lja a r\u00e9sztvev\u0151 szlov\u00e1k \u00e9s magyar partnerek megismer\u00e9se, j\u00f3 gyakorlatok \u00e1tad\u00e1sa, akkredit\u00e1lt [&hellip;]","og_url":"https:\/\/spf-viacarpatia.eu\/hu\/projekty\/kezfogas-klaszter-egyesulet\/","og_site_name":"spf-viacarpatia.eu | Fond mal\u00fdch projektov","article_modified_time":"2025-02-11T07:44:26+00:00","twitter_card":"summary_large_image","twitter_misc":{"Becs\u00fclt olvas\u00e1si id\u0151":"2 perc"},"schema":{"@context":"https:\/\/schema.org","@graph":[{"@type":"WebPage","@id":"https:\/\/spf-viacarpatia.eu\/hu\/projekty\/kezfogas-klaszter-egyesulet\/","url":"https:\/\/spf-viacarpatia.eu\/hu\/projekty\/kezfogas-klaszter-egyesulet\/","name":"K\u00e9zfog\u00e1s Klaszter Egyes\u00fclet - spf-viacarpatia.eu | Fond mal\u00fdch projektov","isPartOf":{"@id":"https:\/\/spf-viacarpatia.eu\/#website"},"datePublished":"2024-05-22T11:39:15+00:00","dateModified":"2025-02-11T07:44:26+00:00","inLanguage":"hu","potentialAction":[{"@type":"ReadAction","target":["https:\/\/spf-viacarpatia.eu\/hu\/projekty\/kezfogas-klaszter-egyesulet\/"]}]},{"@type":"WebSite","@id":"https:\/\/spf-viacarpatia.eu\/#website","url":"https:\/\/spf-viacarpatia.eu\/","name":"ViaCarpatia","description":"Fond mal\u00fdch projektov","alternateName":"ViaCarpatia","potentialAction":[{"@type":"SearchAction","target":{"@type":"EntryPoint","urlTemplate":"https:\/\/spf-viacarpatia.eu\/?s={search_term_string}"},"query-input":{"@type":"PropertyValueSpecification","valueRequired":true,"valueName":"search_term_string"}}],"inLanguage":"hu"}]}},"_links":{"self":[{"href":"https:\/\/spf-viacarpatia.eu\/hu\/wp-json\/wp\/v2\/projekty\/8435","targetHints":{"allow":["GET"]}}],"collection":[{"href":"https:\/\/spf-viacarpatia.eu\/hu\/wp-json\/wp\/v2\/projekty"}],"about":[{"href":"https:\/\/spf-viacarpatia.eu\/hu\/wp-json\/wp\/v2\/types\/projekty"}],"wp:attachment":[{"href":"https:\/\/spf-viacarpatia.eu\/hu\/wp-json\/wp\/v2\/media?parent=8435"}],"wp:term":[{"taxonomy":"projekt-kategoria","embeddable":true,"href":"https:\/\/spf-viacarpatia.eu\/hu\/wp-json\/wp\/v2\/projekt-kategoria?post=8435"}],"curies":[{"name":"wp","href":"https:\/\/api.w.org\/{rel}","templated":true}]}}

Kézfogás Klaszter Egyesület

<p>A projekt fő célja a megváltozott munkaképességű személyek foglalkozási rehabilitációjára, ezen belül a védett foglakoztatásra, védett munkahelyek helyzetére, lehetőségeire irányuló információk<br />
átadása, valamint szervezetünk ezirányú tevékenységének bemutatása a helyi- és határon túli érintetteknek szakmai konferenciák megrendezésével Miskolcon. A 2 alkalomból álló szakmai program célja a résztvevő szlovák és magyar partnerek megismerése, jó gyakorlatok átadása, akkreditált foglalkoztatóként történő bemutatkozás, működésük megismertetése a másik féllel. A műhelymunka során az együttműködő partnerek közötti kapcsolat megerősítése során a projekt céljaival összhangban történő közös munka fóruma kerül kialakításra. A szlovák és magyar szakemberek számára a megváltozott munkaképességű foglalkoztatás aspektusainak megismerésére és tanulmányozására nyílik ezáltal lehetőség. Célunk, hogy a valódi értékteremtés mellett minőségi, versenyképes termékeket és szolgáltatásokat kínáljunk a határmenti régió piaci igényeire szabva. Összefogni és támogatni kívánjuk a szociális vállalkozásokat, biztosítani, hogy tevékenységeik hosszú távon is fenntarthatók legyenek. Kiutat szeretnénk mutatni a munkanélküliségből a hátrányban lévő munkavállalók növekvő csoportjai számára, számukra új helyet keresni és találni a gazdasági térképen. Ennek támogatására jelen projekt kiváló alkalmat biztosít, egy szlovák partnerszervezet bevonásával. Projektpartnerünk, a Szlovák Vöröskereszt Losonci Szervezete (Slovenský Červený kríž Lučenec) ellátja az SRC törvényben és más általánosan kötelező jogszabályokban előírt feladatokat. A szakmai programokra 101 fő részvételét biztosítja a határon túlról.</p>
<table width="500">
<tbody>
<tr>
<td width="255"><strong>A kisprojekt megnevezése:</strong></td>
<td width="245">Védett Foglalkoztatók Határon Átnyúló Szakmai Konferenciája</td>
</tr>
<tr>
<td width="255"><strong>A kisprojekt rövid címe: </strong></td>
<td width="245">Védett Foglalkoztatás</td>
</tr>
<tr>
<td width="255"><strong>A felhívás kódja:</strong></td>
<td width="245">HUSK/2301/3.1/020</td>
</tr>
<tr>
<td width="255"><strong>Prioritási tengely: </strong></td>
<td width="245">3. – Institutional cooperations</td>
</tr>
<tr>
<td width="255"><strong>Specifikus cél:</strong></td>
<td width="245">3.2.1 – Small project fund</td>
</tr>
<tr>
<td width="255"><strong>Kisprojekt kódja:  </strong></td>
<td width="245">HUSK/SPF/2301/3.2/121</td>
</tr>
<tr>
<td width="255"><strong>A kisprojekt teljes költségvetése:</strong></td>
<td width="245">39 643,75 €</td>
</tr>
<tr>
<td width="255"><strong>ERFA hozzájárulás:</strong></td>
<td width="245">31 715,00 €</td>
</tr>
<tr>
<td width="255"><strong>A kisprojekt kezdete:</strong></td>
<td width="245">2024.03.01.</td>
</tr>
<tr>
<td width="255"><strong>A kisprojekt vége:</strong></td>
<td width="245">2024.05.31.</td>
</tr>
</tbody>
</table>

<!-- This site is optimized with the Yoast SEO plugin v27.5 - https://yoast.com/product/yoast-seo-wordpress/ -->
<title>Kézfogás Klaszter Egyesület - spf-viacarpatia.eu | Fond malých projektov</title>
<meta name="robots" content="index, follow, max-snippet:-1, max-image-preview:large, max-video-preview:-1" />
<link rel="canonical" href="https://spf-viacarpatia.eu/hu/projekty/kezfogas-klaszter-egyesulet/" />
<meta property="og:locale" content="hu_HU" />
<meta property="og:type" content="article" />
<meta property="og:title" content="Kézfogás Klaszter Egyesület - spf-viacarpatia.eu | Fond malých projektov" />
<meta property="og:description" content="A projekt fő célja a megváltozott munkaképességű személyek foglalkozási rehabilitációjára, ezen belül a védett foglakoztatásra, védett munkahelyek helyzetére, lehetőségeire irányuló információk átadása, valamint szervezetünk ezirányú tevékenységének bemutatása a helyi- és határon túli érintetteknek szakmai konferenciák megrendezésével Miskolcon. A 2 alkalomból álló szakmai program célja a résztvevő szlovák és magyar partnerek megismerése, jó gyakorlatok átadása, akkreditált [&hellip;]" />
<meta property="og:url" content="https://spf-viacarpatia.eu/hu/projekty/kezfogas-klaszter-egyesulet/" />
<meta property="og:site_name" content="spf-viacarpatia.eu | Fond malých projektov" />
<meta property="article:modified_time" content="2025-02-11T07:44:26+00:00" />
<meta name="twitter:card" content="summary_large_image" />
<meta name="twitter:label1" content="Becsült olvasási idő" />
	<meta name="twitter:data1" content="2 perc" />
<script type="application/ld+json" class="yoast-schema-graph">{"@context":"https:\/\/schema.org","@graph":[{"@type":"WebPage","@id":"https:\/\/spf-viacarpatia.eu\/hu\/projekty\/kezfogas-klaszter-egyesulet\/","url":"https:\/\/spf-viacarpatia.eu\/hu\/projekty\/kezfogas-klaszter-egyesulet\/","name":"Kézfogás Klaszter Egyesület - spf-viacarpatia.eu | Fond malých projektov","isPartOf":{"@id":"https:\/\/spf-viacarpatia.eu\/#website"},"datePublished":"2024-05-22T11:39:15+00:00","dateModified":"2025-02-11T07:44:26+00:00","inLanguage":"hu","potentialAction":[{"@type":"ReadAction","target":["https:\/\/spf-viacarpatia.eu\/hu\/projekty\/kezfogas-klaszter-egyesulet\/"]}]},{"@type":"WebSite","@id":"https:\/\/spf-viacarpatia.eu\/#website","url":"https:\/\/spf-viacarpatia.eu\/","name":"ViaCarpatia","description":"Fond malých projektov","alternateName":"ViaCarpatia","potentialAction":[{"@type":"SearchAction","target":{"@type":"EntryPoint","urlTemplate":"https:\/\/spf-viacarpatia.eu\/?s={search_term_string}"},"query-input":{"@type":"PropertyValueSpecification","valueRequired":true,"valueName":"search_term_string"}}],"inLanguage":"hu"}]}</script>
<!-- / Yoast SEO plugin. -->

Kézfogás Klaszter Egyesület - spf-viacarpatia.eu | Fond malých projektov

A projekt fő célja a megváltozott munkaképességű személyek foglalkozási rehabilitációjára, ezen belül a védett foglakoztatásra, védett munkahelyek helyzetére, lehetőségeire irányuló információk átadása, valamint szervezetünk ezirányú tevékenységének bemutatása a helyi- és határon túli érintetteknek szakmai konferenciák megrendezésével Miskolcon. A 2 alkalomból álló szakmai program célja a résztvevő szlovák és magyar partnerek megismerése, jó gyakorlatok átadása, akkreditált [&hellip;]

spf-viacarpatia.eu | Fond malých projektov

Fond malých projektov
