{"id":8467,"date":"2024-05-23T14:48:07","date_gmt":"2024-05-23T12:48:07","guid":{"rendered":"https:\/\/spf-viacarpatia.eu\/?post_type=projekty&#038;p=8467"},"modified":"2025-02-11T08:43:05","modified_gmt":"2025-02-11T07:43:05","slug":"art4-centrum","status":"publish","type":"projekty","link":"https:\/\/spf-viacarpatia.eu\/hu\/projekty\/art4-centrum\/","title":{"rendered":"Art4 centrum"},"content":{"rendered":"<p>Hlavn\u00fdmi cie\u013emi projektu s\u00fa: &#8211; hlbok\u00e1 kult\u00farno-historick\u00e1 anal\u00fdza vz\u0165ahov medzi SK a HU v r\u00f4znych \u010dasov\u00fdch obdobiach. Cie\u013eom je porozumenie k\u013e\u00fa\u010dov\u00fdm momentom, udalostiam a zmen\u00e1m, ktor\u00e9 formovali vz\u00e1jomn\u00e9 vz\u0165ahy &#8211; anal\u00fdza s\u00fa\u010dasn\u00fdch vz\u0165ahov medzi oboma krajinami v r\u00e1mci kult\u00farnej spolupr\u00e1ce a identifik\u00e1cia pr\u00edle\u017eitosti na posilnenie spolupr\u00e1ce a rie\u0161enia v\u00fdziev &#8211; podpora kult\u00farnej v\u00fdmeny medzi SK a HU s cie\u013eom posilni\u0165 vz\u00e1jomn\u00e9 porozumenie, re\u0161pekt a spolupr\u00e1cu &#8211; zlep\u0161enie vzdel\u00e1vania a informovanosti o hist\u00f3rii, kult\u00fare a vz\u0165ahoch medzi SK a HU. Cie\u013eom je poskytova\u0165 \u013eu\u010fom relevantn\u00e9 inform\u00e1cie a stimulova\u0165 dial\u00f3g medzi ob\u010danmi a in\u0161tit\u00faciami oboch kraj\u00edn. \u0160pecifick\u00fdmi cie\u013emi projektu s\u00fa: &#8211; vytvorenie odborno-vzdel\u00e1vacieho materi\u00e1lu vo forme Zborn\u00edka z konferencie s n\u00e1zvom Slovensko-ma\u010farsk\u00e9 vz\u0165ahy v \u010dase a Publicistick\u00e9ho dokumentu (film) o hist\u00f3rii, kult\u00fare a vz\u0165ahoch medzi SK a HU, ktor\u00e9 bud\u00fa dostupn\u00e9 in\u0161tit\u00faci\u00e1m, univerzit\u00e1m a verejnosti. &#8211; zorganizovanie kult\u00farneho podujatia, ktor\u00e9 podpor\u00ed vz\u00e1jomn\u00e9 porozumenie a obohat\u00ed sk\u00fasenosti in\u0161tit\u00faci\u00ed a obyvate\u013eov oboch kraj\u00edn v oblasti kult\u00fary a hist\u00f3rie. Relevantnos\u0165 a s\u00falad projektu s v\u00fdzvou je zalo\u017een\u00fd na podpore budovania vz\u00e1jomnej d\u00f4very medzi obyvate\u013emi a in\u0161tit\u00faciami v KSK a Heve\u0161skej \u017eupy prostredn\u00edctvom cezhrani\u010dnej spolupr\u00e1ce in\u0161tit\u00faci\u00ed zameran\u00fdch na realiz\u00e1ciu kult\u00farno-historick\u00fdch vzdel\u00e1vac\u00edch aktiv\u00edt. Pozvan\u00fdm ma\u010farsk\u00fdm partnerom projektu je Irisz Muveszeti Sport Term\u00e9szetv\u00e9delmi Alap\u00edtv\u00e1ny, ktor\u00e9ho aktivitami je realiz\u00e1cia podujat\u00ed podporuj\u00facich umeleck\u00fd z\u00e1ujem det\u00ed a dospel\u00fdch. Medzi aktivity projektu patr\u00ed: &#8211; Odborn\u00e1 konferencia &#8211; Prehliadka mesta Ko\u0161ice s profesion\u00e1lnym sprievodcom &#8211; Filmov\u00e9 premietanie &#8211; Tvorba Publicistick\u00e9ho dokumentu (filmu) &#8211; Tvorba Zborn\u00edka z konferencie O\u010dak\u00e1van\u00fdmi v\u00fdsledkami projektu je: &#8211; posilnenie cezhrani\u010dn\u00fdch vz\u0165ahov medzi in\u0161tit\u00faciami a d\u00f4very medzi \u00fa\u010dastn\u00edkmi projektu &#8211; vytvorenie SK-HU cezhrani\u010dnej spolupr\u00e1ce &#8211; informovanie cie\u013eov\u00fdch skup\u00edn o SK-HU vz\u0165ahoch v \u010dase<\/p>\n<table width=\"500\">\n<tbody>\n<tr>\n<td><strong>N\u00e1zov projektu:<\/strong><\/td>\n<td>Slovensko-ma\u010farsk\u00e9 vz\u0165ahy v \u010dase<\/td>\n<\/tr>\n<tr>\n<td><strong>Akronym:<\/strong><\/td>\n<td>SKHU Vz\u0165ahy v \u010dase<\/td>\n<\/tr>\n<tr>\n<td><strong>K\u00f3d v\u00fdzvy:<\/strong><\/td>\n<td>HUSK\/2301\/3.1\/020<\/td>\n<\/tr>\n<tr>\n<td><strong>Prioritn\u00e1 os:<\/strong><\/td>\n<td>3. &#8211; Institutional cooperations<\/td>\n<\/tr>\n<tr>\n<td><strong>\u0160pecifick\u00fd cie\u013e:<\/strong><\/td>\n<td>3.2.1 &#8211; Small project fund<\/td>\n<\/tr>\n<tr>\n<td><strong>K\u00f3d projektu:\u00a0\u00a0<\/strong><\/td>\n<td>HUSK\/SPF\/2301\/3.2\/233<\/td>\n<\/tr>\n<tr>\n<td><strong>Celkov\u00fd rozpo\u010det projektu:<\/strong><\/td>\n<td>49 556,25 \u20ac<\/td>\n<\/tr>\n<tr>\n<td><strong>Rozpo\u010det ERDF:<\/strong><\/td>\n<td>39 645,00 \u20ac<\/td>\n<\/tr>\n<tr>\n<td><strong>Za\u010diatok projektu:<\/strong><\/td>\n<td>01.04.2024<\/td>\n<\/tr>\n<tr>\n<td><strong>Koniec projektu:<\/strong><\/td>\n<td>30.06.2024<\/td>\n<\/tr>\n<\/tbody>\n<\/table>\n","protected":false},"featured_media":0,"template":"","projekt-kategoria":[25],"class_list":["post-8467","projekty","type-projekty","status-publish","hentry","projekt-kategoria-a-kisprojekt-alap-elso-felhivasanak-tamogatott-projektjei-husk-spf-230"],"acf":[],"yoast_head":"<!-- This site is optimized with the Yoast SEO plugin v27.5 - https:\/\/yoast.com\/product\/yoast-seo-wordpress\/ -->\n<title>Art4 centrum - spf-viacarpatia.eu | Fond mal\u00fdch projektov<\/title>\n<meta name=\"robots\" content=\"index, follow, max-snippet:-1, max-image-preview:large, max-video-preview:-1\" \/>\n<link rel=\"canonical\" href=\"https:\/\/spf-viacarpatia.eu\/hu\/projekty\/art4-centrum\/\" \/>\n<meta property=\"og:locale\" content=\"hu_HU\" \/>\n<meta property=\"og:type\" content=\"article\" \/>\n<meta property=\"og:title\" content=\"Art4 centrum - spf-viacarpatia.eu | Fond mal\u00fdch projektov\" \/>\n<meta property=\"og:description\" content=\"Hlavn\u00fdmi cie\u013emi projektu s\u00fa: &#8211; hlbok\u00e1 kult\u00farno-historick\u00e1 anal\u00fdza vz\u0165ahov medzi SK a HU v r\u00f4znych \u010dasov\u00fdch obdobiach. Cie\u013eom je porozumenie k\u013e\u00fa\u010dov\u00fdm momentom, udalostiam a zmen\u00e1m, ktor\u00e9 formovali vz\u00e1jomn\u00e9 vz\u0165ahy &#8211; anal\u00fdza s\u00fa\u010dasn\u00fdch vz\u0165ahov medzi oboma krajinami v r\u00e1mci kult\u00farnej spolupr\u00e1ce a identifik\u00e1cia pr\u00edle\u017eitosti na posilnenie spolupr\u00e1ce a rie\u0161enia v\u00fdziev &#8211; podpora kult\u00farnej v\u00fdmeny medzi SK [&hellip;]\" \/>\n<meta property=\"og:url\" content=\"https:\/\/spf-viacarpatia.eu\/hu\/projekty\/art4-centrum\/\" \/>\n<meta property=\"og:site_name\" content=\"spf-viacarpatia.eu | Fond mal\u00fdch projektov\" \/>\n<meta property=\"article:modified_time\" content=\"2025-02-11T07:43:05+00:00\" \/>\n<meta name=\"twitter:card\" content=\"summary_large_image\" \/>\n<meta name=\"twitter:label1\" content=\"Becs\u00fclt olvas\u00e1si id\u0151\" \/>\n\t<meta name=\"twitter:data1\" content=\"2 perc\" \/>\n<script type=\"application\/ld+json\" class=\"yoast-schema-graph\">{\"@context\":\"https:\\\/\\\/schema.org\",\"@graph\":[{\"@type\":\"WebPage\",\"@id\":\"https:\\\/\\\/spf-viacarpatia.eu\\\/hu\\\/projekty\\\/art4-centrum\\\/\",\"url\":\"https:\\\/\\\/spf-viacarpatia.eu\\\/hu\\\/projekty\\\/art4-centrum\\\/\",\"name\":\"Art4 centrum - spf-viacarpatia.eu | Fond mal\u00fdch projektov\",\"isPartOf\":{\"@id\":\"https:\\\/\\\/spf-viacarpatia.eu\\\/#website\"},\"datePublished\":\"2024-05-23T12:48:07+00:00\",\"dateModified\":\"2025-02-11T07:43:05+00:00\",\"inLanguage\":\"hu\",\"potentialAction\":[{\"@type\":\"ReadAction\",\"target\":[\"https:\\\/\\\/spf-viacarpatia.eu\\\/hu\\\/projekty\\\/art4-centrum\\\/\"]}]},{\"@type\":\"WebSite\",\"@id\":\"https:\\\/\\\/spf-viacarpatia.eu\\\/#website\",\"url\":\"https:\\\/\\\/spf-viacarpatia.eu\\\/\",\"name\":\"ViaCarpatia\",\"description\":\"Fond mal\u00fdch projektov\",\"alternateName\":\"ViaCarpatia\",\"potentialAction\":[{\"@type\":\"SearchAction\",\"target\":{\"@type\":\"EntryPoint\",\"urlTemplate\":\"https:\\\/\\\/spf-viacarpatia.eu\\\/?s={search_term_string}\"},\"query-input\":{\"@type\":\"PropertyValueSpecification\",\"valueRequired\":true,\"valueName\":\"search_term_string\"}}],\"inLanguage\":\"hu\"}]}<\/script>\n<!-- \/ Yoast SEO plugin. -->","yoast_head_json":{"title":"Art4 centrum - spf-viacarpatia.eu | Fond mal\u00fdch projektov","robots":{"index":"index","follow":"follow","max-snippet":"max-snippet:-1","max-image-preview":"max-image-preview:large","max-video-preview":"max-video-preview:-1"},"canonical":"https:\/\/spf-viacarpatia.eu\/hu\/projekty\/art4-centrum\/","og_locale":"hu_HU","og_type":"article","og_title":"Art4 centrum - spf-viacarpatia.eu | Fond mal\u00fdch projektov","og_description":"Hlavn\u00fdmi cie\u013emi projektu s\u00fa: &#8211; hlbok\u00e1 kult\u00farno-historick\u00e1 anal\u00fdza vz\u0165ahov medzi SK a HU v r\u00f4znych \u010dasov\u00fdch obdobiach. Cie\u013eom je porozumenie k\u013e\u00fa\u010dov\u00fdm momentom, udalostiam a zmen\u00e1m, ktor\u00e9 formovali vz\u00e1jomn\u00e9 vz\u0165ahy &#8211; anal\u00fdza s\u00fa\u010dasn\u00fdch vz\u0165ahov medzi oboma krajinami v r\u00e1mci kult\u00farnej spolupr\u00e1ce a identifik\u00e1cia pr\u00edle\u017eitosti na posilnenie spolupr\u00e1ce a rie\u0161enia v\u00fdziev &#8211; podpora kult\u00farnej v\u00fdmeny medzi SK [&hellip;]","og_url":"https:\/\/spf-viacarpatia.eu\/hu\/projekty\/art4-centrum\/","og_site_name":"spf-viacarpatia.eu | Fond mal\u00fdch projektov","article_modified_time":"2025-02-11T07:43:05+00:00","twitter_card":"summary_large_image","twitter_misc":{"Becs\u00fclt olvas\u00e1si id\u0151":"2 perc"},"schema":{"@context":"https:\/\/schema.org","@graph":[{"@type":"WebPage","@id":"https:\/\/spf-viacarpatia.eu\/hu\/projekty\/art4-centrum\/","url":"https:\/\/spf-viacarpatia.eu\/hu\/projekty\/art4-centrum\/","name":"Art4 centrum - spf-viacarpatia.eu | Fond mal\u00fdch projektov","isPartOf":{"@id":"https:\/\/spf-viacarpatia.eu\/#website"},"datePublished":"2024-05-23T12:48:07+00:00","dateModified":"2025-02-11T07:43:05+00:00","inLanguage":"hu","potentialAction":[{"@type":"ReadAction","target":["https:\/\/spf-viacarpatia.eu\/hu\/projekty\/art4-centrum\/"]}]},{"@type":"WebSite","@id":"https:\/\/spf-viacarpatia.eu\/#website","url":"https:\/\/spf-viacarpatia.eu\/","name":"ViaCarpatia","description":"Fond mal\u00fdch projektov","alternateName":"ViaCarpatia","potentialAction":[{"@type":"SearchAction","target":{"@type":"EntryPoint","urlTemplate":"https:\/\/spf-viacarpatia.eu\/?s={search_term_string}"},"query-input":{"@type":"PropertyValueSpecification","valueRequired":true,"valueName":"search_term_string"}}],"inLanguage":"hu"}]}},"_links":{"self":[{"href":"https:\/\/spf-viacarpatia.eu\/hu\/wp-json\/wp\/v2\/projekty\/8467","targetHints":{"allow":["GET"]}}],"collection":[{"href":"https:\/\/spf-viacarpatia.eu\/hu\/wp-json\/wp\/v2\/projekty"}],"about":[{"href":"https:\/\/spf-viacarpatia.eu\/hu\/wp-json\/wp\/v2\/types\/projekty"}],"wp:attachment":[{"href":"https:\/\/spf-viacarpatia.eu\/hu\/wp-json\/wp\/v2\/media?parent=8467"}],"wp:term":[{"taxonomy":"projekt-kategoria","embeddable":true,"href":"https:\/\/spf-viacarpatia.eu\/hu\/wp-json\/wp\/v2\/projekt-kategoria?post=8467"}],"curies":[{"name":"wp","href":"https:\/\/api.w.org\/{rel}","templated":true}]}}

<p>Hlavnými cieľmi projektu sú: &#8211; hlboká kultúrno-historická analýza vzťahov medzi SK a HU v rôznych časových obdobiach. Cieľom je porozumenie kľúčovým momentom, udalostiam a zmenám, ktoré formovali vzájomné vzťahy &#8211; analýza súčasných vzťahov medzi oboma krajinami v rámci kultúrnej spolupráce a identifikácia príležitosti na posilnenie spolupráce a riešenia výziev &#8211; podpora kultúrnej výmeny medzi SK a HU s cieľom posilniť vzájomné porozumenie, rešpekt a spoluprácu &#8211; zlepšenie vzdelávania a informovanosti o histórii, kultúre a vzťahoch medzi SK a HU. Cieľom je poskytovať ľuďom relevantné informácie a stimulovať dialóg medzi občanmi a inštitúciami oboch krajín. Špecifickými cieľmi projektu sú: &#8211; vytvorenie odborno-vzdelávacieho materiálu vo forme Zborníka z konferencie s názvom Slovensko-maďarské vzťahy v čase a Publicistického dokumentu (film) o histórii, kultúre a vzťahoch medzi SK a HU, ktoré budú dostupné inštitúciám, univerzitám a verejnosti. &#8211; zorganizovanie kultúrneho podujatia, ktoré podporí vzájomné porozumenie a obohatí skúsenosti inštitúcií a obyvateľov oboch krajín v oblasti kultúry a histórie. Relevantnosť a súlad projektu s výzvou je založený na podpore budovania vzájomnej dôvery medzi obyvateľmi a inštitúciami v KSK a Hevešskej župy prostredníctvom cezhraničnej spolupráce inštitúcií zameraných na realizáciu kultúrno-historických vzdelávacích aktivít. Pozvaným maďarským partnerom projektu je Irisz Muveszeti Sport Természetvédelmi Alapítvány, ktorého aktivitami je realizácia podujatí podporujúcich umelecký záujem detí a dospelých. Medzi aktivity projektu patrí: &#8211; Odborná konferencia &#8211; Prehliadka mesta Košice s profesionálnym sprievodcom &#8211; Filmové premietanie &#8211; Tvorba Publicistického dokumentu (filmu) &#8211; Tvorba Zborníka z konferencie Očakávanými výsledkami projektu je: &#8211; posilnenie cezhraničných vzťahov medzi inštitúciami a dôvery medzi účastníkmi projektu &#8211; vytvorenie SK-HU cezhraničnej spolupráce &#8211; informovanie cieľových skupín o SK-HU vzťahoch v čase</p>
<table width="500">
<tbody>
<tr>
<td><strong>Názov projektu:</strong></td>
<td>Slovensko-maďarské vzťahy v čase</td>
</tr>
<tr>
<td><strong>Akronym:</strong></td>
<td>SKHU Vzťahy v čase</td>
</tr>
<tr>
<td><strong>Kód výzvy:</strong></td>
<td>HUSK/2301/3.1/020</td>
</tr>
<tr>
<td><strong>Prioritná os:</strong></td>
<td>3. &#8211; Institutional cooperations</td>
</tr>
<tr>
<td><strong>Špecifický cieľ:</strong></td>
<td>3.2.1 &#8211; Small project fund</td>
</tr>
<tr>
<td><strong>Kód projektu:  </strong></td>
<td>HUSK/SPF/2301/3.2/233</td>
</tr>
<tr>
<td><strong>Celkový rozpočet projektu:</strong></td>
<td>49 556,25 €</td>
</tr>
<tr>
<td><strong>Rozpočet ERDF:</strong></td>
<td>39 645,00 €</td>
</tr>
<tr>
<td><strong>Začiatok projektu:</strong></td>
<td>01.04.2024</td>
</tr>
<tr>
<td><strong>Koniec projektu:</strong></td>
<td>30.06.2024</td>
</tr>
</tbody>
</table>

<!-- This site is optimized with the Yoast SEO plugin v27.5 - https://yoast.com/product/yoast-seo-wordpress/ -->
<title>Art4 centrum - spf-viacarpatia.eu | Fond malých projektov</title>
<meta name="robots" content="index, follow, max-snippet:-1, max-image-preview:large, max-video-preview:-1" />
<link rel="canonical" href="https://spf-viacarpatia.eu/hu/projekty/art4-centrum/" />
<meta property="og:locale" content="hu_HU" />
<meta property="og:type" content="article" />
<meta property="og:title" content="Art4 centrum - spf-viacarpatia.eu | Fond malých projektov" />
<meta property="og:description" content="Hlavnými cieľmi projektu sú: &#8211; hlboká kultúrno-historická analýza vzťahov medzi SK a HU v rôznych časových obdobiach. Cieľom je porozumenie kľúčovým momentom, udalostiam a zmenám, ktoré formovali vzájomné vzťahy &#8211; analýza súčasných vzťahov medzi oboma krajinami v rámci kultúrnej spolupráce a identifikácia príležitosti na posilnenie spolupráce a riešenia výziev &#8211; podpora kultúrnej výmeny medzi SK [&hellip;]" />
<meta property="og:url" content="https://spf-viacarpatia.eu/hu/projekty/art4-centrum/" />
<meta property="og:site_name" content="spf-viacarpatia.eu | Fond malých projektov" />
<meta property="article:modified_time" content="2025-02-11T07:43:05+00:00" />
<meta name="twitter:card" content="summary_large_image" />
<meta name="twitter:label1" content="Becsült olvasási idő" />
	<meta name="twitter:data1" content="2 perc" />
<script type="application/ld+json" class="yoast-schema-graph">{"@context":"https:\/\/schema.org","@graph":[{"@type":"WebPage","@id":"https:\/\/spf-viacarpatia.eu\/hu\/projekty\/art4-centrum\/","url":"https:\/\/spf-viacarpatia.eu\/hu\/projekty\/art4-centrum\/","name":"Art4 centrum - spf-viacarpatia.eu | Fond malých projektov","isPartOf":{"@id":"https:\/\/spf-viacarpatia.eu\/#website"},"datePublished":"2024-05-23T12:48:07+00:00","dateModified":"2025-02-11T07:43:05+00:00","inLanguage":"hu","potentialAction":[{"@type":"ReadAction","target":["https:\/\/spf-viacarpatia.eu\/hu\/projekty\/art4-centrum\/"]}]},{"@type":"WebSite","@id":"https:\/\/spf-viacarpatia.eu\/#website","url":"https:\/\/spf-viacarpatia.eu\/","name":"ViaCarpatia","description":"Fond malých projektov","alternateName":"ViaCarpatia","potentialAction":[{"@type":"SearchAction","target":{"@type":"EntryPoint","urlTemplate":"https:\/\/spf-viacarpatia.eu\/?s={search_term_string}"},"query-input":{"@type":"PropertyValueSpecification","valueRequired":true,"valueName":"search_term_string"}}],"inLanguage":"hu"}]}</script>
<!-- / Yoast SEO plugin. -->

Art4 centrum - spf-viacarpatia.eu | Fond malých projektov

Hlavnými cieľmi projektu sú: &#8211; hlboká kultúrno-historická analýza vzťahov medzi SK a HU v rôznych časových obdobiach. Cieľom je porozumenie kľúčovým momentom, udalostiam a zmenám, ktoré formovali vzájomné vzťahy &#8211; analýza súčasných vzťahov medzi oboma krajinami v rámci kultúrnej spolupráce a identifikácia príležitosti na posilnenie spolupráce a riešenia výziev &#8211; podpora kultúrnej výmeny medzi SK [&hellip;]

spf-viacarpatia.eu | Fond malých projektov

Fond malých projektov
