{"id":9614,"date":"2025-05-06T09:41:52","date_gmt":"2025-05-06T07:41:52","guid":{"rendered":"https:\/\/spf-viacarpatia.eu\/?post_type=projekty&#038;p=9614"},"modified":"2025-05-06T09:41:52","modified_gmt":"2025-05-06T07:41:52","slug":"cigany-fiatalok-eletmod-es-kulturalis-szervezete","status":"publish","type":"projekty","link":"https:\/\/spf-viacarpatia.eu\/hu\/projekty\/cigany-fiatalok-eletmod-es-kulturalis-szervezete\/","title":{"rendered":"Cig\u00e1ny Fiatalok \u00c9letm\u00f3d \u00c9s Kultur\u00e1lis Szervezete"},"content":{"rendered":"<p>A projekt c\u00e9lja a szlov\u00e1kiai Ipolys\u00e1g- \u00e9s a magyarorsz\u00e1gi N\u00f3gr\u00e1d t\u00e9rs\u00e9g\u00e9b\u0151l \u00e9rkez\u0151 gyermekek \u00e9s fiatalok k\u00f6z\u00f6tti hat\u00e1ron \u00e1tny\u00fal\u00f3 egy\u00fcttm\u0171k\u00f6d\u00e9s er\u0151s\u00edt\u00e9se. Ennek \u00e9rdek\u00e9ben egy 6 napos ifj\u00fas\u00e1gi t\u00e1bor ker\u00fcl megrendez\u00e9sre Bercelen. A t\u00e1borban 90 szlov\u00e1kiai \u00e9s 40 magyar gyermek vesz r\u00e9szt.<\/p>\n<table width=\"500\">\n<tbody>\n<tr>\n<td width=\"255\"><strong>A\u00a0kisprojekt megnevez\u00e9se:<\/strong><\/td>\n<td width=\"245\">Szlov\u00e1k-Magyar nemzetis\u00e9gi hagyom\u00e1nyok \u00e1t\u00f6r\u00f6k\u00edt\u00e9se az ifj\u00fas\u00e1gnak!<\/td>\n<\/tr>\n<tr>\n<td width=\"255\"><strong>A kisprojekt r\u00f6vid c\u00edme:\u00a0<\/strong><\/td>\n<td width=\"245\">Nemzetis\u00e9gi Ifj\u00fas\u00e1gi T\u00e1bor<\/td>\n<\/tr>\n<tr>\n<td width=\"255\"><strong>A felh\u00edv\u00e1s k\u00f3dja:<\/strong><\/td>\n<td width=\"245\">HUSK\/2401\/3.1\/020<\/td>\n<\/tr>\n<tr>\n<td width=\"255\"><strong>Priorit\u00e1si tengely:\u00a0<\/strong><\/td>\n<td width=\"245\">3. \u2013 Institutional cooperations<\/td>\n<\/tr>\n<tr>\n<td width=\"255\"><strong>Specifikus c\u00e9l:<\/strong><\/td>\n<td width=\"245\">3.2.1 \u2013 Small project fund<\/td>\n<\/tr>\n<tr>\n<td width=\"255\"><strong>Kisprojekt k\u00f3dja:\u00a0\u00a0<\/strong><\/td>\n<td width=\"245\">HUSK\/SPF\/2401\/3.2\/064<\/td>\n<\/tr>\n<tr>\n<td width=\"255\"><strong>A kisprojekt teljes k\u00f6lts\u00e9gvet\u00e9se:<\/strong><\/td>\n<td width=\"245\">30 662,5 \u20ac<\/td>\n<\/tr>\n<tr>\n<td width=\"255\"><strong>ERFA hozz\u00e1j\u00e1rul\u00e1s:<\/strong><\/td>\n<td width=\"245\">24 530,00 \u20ac<\/td>\n<\/tr>\n<tr>\n<td width=\"255\"><strong>A kisprojekt kezdete:<\/strong><\/td>\n<td width=\"245\">2025.05.01<\/td>\n<\/tr>\n<tr>\n<td width=\"255\"><strong>A kisprojekt v\u00e9ge:<\/strong><\/td>\n<td width=\"245\">2025.08.31<\/td>\n<\/tr>\n<\/tbody>\n<\/table>\n","protected":false},"featured_media":0,"template":"","projekt-kategoria":[26],"class_list":["post-9614","projekty","type-projekty","status-publish","hentry","projekt-kategoria-a-kisprojekt-alap-husk-spf-2401-felhivasanak-tamogatott-projektjei"],"acf":[],"yoast_head":"<!-- This site is optimized with the Yoast SEO plugin v27.5 - https:\/\/yoast.com\/product\/yoast-seo-wordpress\/ -->\n<title>Cig\u00e1ny Fiatalok \u00c9letm\u00f3d \u00c9s Kultur\u00e1lis Szervezete - spf-viacarpatia.eu | Fond mal\u00fdch projektov<\/title>\n<meta name=\"robots\" content=\"index, follow, max-snippet:-1, max-image-preview:large, max-video-preview:-1\" \/>\n<link rel=\"canonical\" href=\"https:\/\/spf-viacarpatia.eu\/hu\/projekty\/cigany-fiatalok-eletmod-es-kulturalis-szervezete\/\" \/>\n<meta property=\"og:locale\" content=\"hu_HU\" \/>\n<meta property=\"og:type\" content=\"article\" \/>\n<meta property=\"og:title\" content=\"Cig\u00e1ny Fiatalok \u00c9letm\u00f3d \u00c9s Kultur\u00e1lis Szervezete - spf-viacarpatia.eu | Fond mal\u00fdch projektov\" \/>\n<meta property=\"og:description\" content=\"A projekt c\u00e9lja a szlov\u00e1kiai Ipolys\u00e1g- \u00e9s a magyarorsz\u00e1gi N\u00f3gr\u00e1d t\u00e9rs\u00e9g\u00e9b\u0151l \u00e9rkez\u0151 gyermekek \u00e9s fiatalok k\u00f6z\u00f6tti hat\u00e1ron \u00e1tny\u00fal\u00f3 egy\u00fcttm\u0171k\u00f6d\u00e9s er\u0151s\u00edt\u00e9se. Ennek \u00e9rdek\u00e9ben egy 6 napos ifj\u00fas\u00e1gi t\u00e1bor ker\u00fcl megrendez\u00e9sre Bercelen. A t\u00e1borban 90 szlov\u00e1kiai \u00e9s 40 magyar gyermek vesz r\u00e9szt. A\u00a0kisprojekt megnevez\u00e9se: Szlov\u00e1k-Magyar nemzetis\u00e9gi hagyom\u00e1nyok \u00e1t\u00f6r\u00f6k\u00edt\u00e9se az ifj\u00fas\u00e1gnak! A kisprojekt r\u00f6vid c\u00edme:\u00a0 Nemzetis\u00e9gi Ifj\u00fas\u00e1gi T\u00e1bor [&hellip;]\" \/>\n<meta property=\"og:url\" content=\"https:\/\/spf-viacarpatia.eu\/hu\/projekty\/cigany-fiatalok-eletmod-es-kulturalis-szervezete\/\" \/>\n<meta property=\"og:site_name\" content=\"spf-viacarpatia.eu | Fond mal\u00fdch projektov\" \/>\n<meta name=\"twitter:card\" content=\"summary_large_image\" \/>\n<meta name=\"twitter:label1\" content=\"Becs\u00fclt olvas\u00e1si id\u0151\" \/>\n\t<meta name=\"twitter:data1\" content=\"1 perc\" \/>\n<script type=\"application\/ld+json\" class=\"yoast-schema-graph\">{\"@context\":\"https:\\\/\\\/schema.org\",\"@graph\":[{\"@type\":\"WebPage\",\"@id\":\"https:\\\/\\\/spf-viacarpatia.eu\\\/hu\\\/projekty\\\/cigany-fiatalok-eletmod-es-kulturalis-szervezete\\\/\",\"url\":\"https:\\\/\\\/spf-viacarpatia.eu\\\/hu\\\/projekty\\\/cigany-fiatalok-eletmod-es-kulturalis-szervezete\\\/\",\"name\":\"Cig\u00e1ny Fiatalok \u00c9letm\u00f3d \u00c9s Kultur\u00e1lis Szervezete - spf-viacarpatia.eu | Fond mal\u00fdch projektov\",\"isPartOf\":{\"@id\":\"https:\\\/\\\/spf-viacarpatia.eu\\\/#website\"},\"datePublished\":\"2025-05-06T07:41:52+00:00\",\"inLanguage\":\"hu\",\"potentialAction\":[{\"@type\":\"ReadAction\",\"target\":[\"https:\\\/\\\/spf-viacarpatia.eu\\\/hu\\\/projekty\\\/cigany-fiatalok-eletmod-es-kulturalis-szervezete\\\/\"]}]},{\"@type\":\"WebSite\",\"@id\":\"https:\\\/\\\/spf-viacarpatia.eu\\\/#website\",\"url\":\"https:\\\/\\\/spf-viacarpatia.eu\\\/\",\"name\":\"ViaCarpatia\",\"description\":\"Fond mal\u00fdch projektov\",\"alternateName\":\"ViaCarpatia\",\"potentialAction\":[{\"@type\":\"SearchAction\",\"target\":{\"@type\":\"EntryPoint\",\"urlTemplate\":\"https:\\\/\\\/spf-viacarpatia.eu\\\/?s={search_term_string}\"},\"query-input\":{\"@type\":\"PropertyValueSpecification\",\"valueRequired\":true,\"valueName\":\"search_term_string\"}}],\"inLanguage\":\"hu\"}]}<\/script>\n<!-- \/ Yoast SEO plugin. -->","yoast_head_json":{"title":"Cig\u00e1ny Fiatalok \u00c9letm\u00f3d \u00c9s Kultur\u00e1lis Szervezete - spf-viacarpatia.eu | Fond mal\u00fdch projektov","robots":{"index":"index","follow":"follow","max-snippet":"max-snippet:-1","max-image-preview":"max-image-preview:large","max-video-preview":"max-video-preview:-1"},"canonical":"https:\/\/spf-viacarpatia.eu\/hu\/projekty\/cigany-fiatalok-eletmod-es-kulturalis-szervezete\/","og_locale":"hu_HU","og_type":"article","og_title":"Cig\u00e1ny Fiatalok \u00c9letm\u00f3d \u00c9s Kultur\u00e1lis Szervezete - spf-viacarpatia.eu | Fond mal\u00fdch projektov","og_description":"A projekt c\u00e9lja a szlov\u00e1kiai Ipolys\u00e1g- \u00e9s a magyarorsz\u00e1gi N\u00f3gr\u00e1d t\u00e9rs\u00e9g\u00e9b\u0151l \u00e9rkez\u0151 gyermekek \u00e9s fiatalok k\u00f6z\u00f6tti hat\u00e1ron \u00e1tny\u00fal\u00f3 egy\u00fcttm\u0171k\u00f6d\u00e9s er\u0151s\u00edt\u00e9se. Ennek \u00e9rdek\u00e9ben egy 6 napos ifj\u00fas\u00e1gi t\u00e1bor ker\u00fcl megrendez\u00e9sre Bercelen. A t\u00e1borban 90 szlov\u00e1kiai \u00e9s 40 magyar gyermek vesz r\u00e9szt. A\u00a0kisprojekt megnevez\u00e9se: Szlov\u00e1k-Magyar nemzetis\u00e9gi hagyom\u00e1nyok \u00e1t\u00f6r\u00f6k\u00edt\u00e9se az ifj\u00fas\u00e1gnak! A kisprojekt r\u00f6vid c\u00edme:\u00a0 Nemzetis\u00e9gi Ifj\u00fas\u00e1gi T\u00e1bor [&hellip;]","og_url":"https:\/\/spf-viacarpatia.eu\/hu\/projekty\/cigany-fiatalok-eletmod-es-kulturalis-szervezete\/","og_site_name":"spf-viacarpatia.eu | Fond mal\u00fdch projektov","twitter_card":"summary_large_image","twitter_misc":{"Becs\u00fclt olvas\u00e1si id\u0151":"1 perc"},"schema":{"@context":"https:\/\/schema.org","@graph":[{"@type":"WebPage","@id":"https:\/\/spf-viacarpatia.eu\/hu\/projekty\/cigany-fiatalok-eletmod-es-kulturalis-szervezete\/","url":"https:\/\/spf-viacarpatia.eu\/hu\/projekty\/cigany-fiatalok-eletmod-es-kulturalis-szervezete\/","name":"Cig\u00e1ny Fiatalok \u00c9letm\u00f3d \u00c9s Kultur\u00e1lis Szervezete - spf-viacarpatia.eu | Fond mal\u00fdch projektov","isPartOf":{"@id":"https:\/\/spf-viacarpatia.eu\/#website"},"datePublished":"2025-05-06T07:41:52+00:00","inLanguage":"hu","potentialAction":[{"@type":"ReadAction","target":["https:\/\/spf-viacarpatia.eu\/hu\/projekty\/cigany-fiatalok-eletmod-es-kulturalis-szervezete\/"]}]},{"@type":"WebSite","@id":"https:\/\/spf-viacarpatia.eu\/#website","url":"https:\/\/spf-viacarpatia.eu\/","name":"ViaCarpatia","description":"Fond mal\u00fdch projektov","alternateName":"ViaCarpatia","potentialAction":[{"@type":"SearchAction","target":{"@type":"EntryPoint","urlTemplate":"https:\/\/spf-viacarpatia.eu\/?s={search_term_string}"},"query-input":{"@type":"PropertyValueSpecification","valueRequired":true,"valueName":"search_term_string"}}],"inLanguage":"hu"}]}},"_links":{"self":[{"href":"https:\/\/spf-viacarpatia.eu\/hu\/wp-json\/wp\/v2\/projekty\/9614","targetHints":{"allow":["GET"]}}],"collection":[{"href":"https:\/\/spf-viacarpatia.eu\/hu\/wp-json\/wp\/v2\/projekty"}],"about":[{"href":"https:\/\/spf-viacarpatia.eu\/hu\/wp-json\/wp\/v2\/types\/projekty"}],"wp:attachment":[{"href":"https:\/\/spf-viacarpatia.eu\/hu\/wp-json\/wp\/v2\/media?parent=9614"}],"wp:term":[{"taxonomy":"projekt-kategoria","embeddable":true,"href":"https:\/\/spf-viacarpatia.eu\/hu\/wp-json\/wp\/v2\/projekt-kategoria?post=9614"}],"curies":[{"name":"wp","href":"https:\/\/api.w.org\/{rel}","templated":true}]}}

Cigány Fiatalok Életmód És Kulturális Szervezete

<p>A projekt célja a szlovákiai Ipolyság- és a magyarországi Nógrád térségéből érkező gyermekek és fiatalok közötti határon átnyúló együttműködés erősítése. Ennek érdekében egy 6 napos ifjúsági tábor kerül megrendezésre Bercelen. A táborban 90 szlovákiai és 40 magyar gyermek vesz részt.</p>
<table width="500">
<tbody>
<tr>
<td width="255"><strong>A kisprojekt megnevezése:</strong></td>
<td width="245">Szlovák-Magyar nemzetiségi hagyományok átörökítése az ifjúságnak!</td>
</tr>
<tr>
<td width="255"><strong>A kisprojekt rövid címe: </strong></td>
<td width="245">Nemzetiségi Ifjúsági Tábor</td>
</tr>
<tr>
<td width="255"><strong>A felhívás kódja:</strong></td>
<td width="245">HUSK/2401/3.1/020</td>
</tr>
<tr>
<td width="255"><strong>Prioritási tengely: </strong></td>
<td width="245">3. – Institutional cooperations</td>
</tr>
<tr>
<td width="255"><strong>Specifikus cél:</strong></td>
<td width="245">3.2.1 – Small project fund</td>
</tr>
<tr>
<td width="255"><strong>Kisprojekt kódja:  </strong></td>
<td width="245">HUSK/SPF/2401/3.2/064</td>
</tr>
<tr>
<td width="255"><strong>A kisprojekt teljes költségvetése:</strong></td>
<td width="245">30 662,5 €</td>
</tr>
<tr>
<td width="255"><strong>ERFA hozzájárulás:</strong></td>
<td width="245">24 530,00 €</td>
</tr>
<tr>
<td width="255"><strong>A kisprojekt kezdete:</strong></td>
<td width="245">2025.05.01</td>
</tr>
<tr>
<td width="255"><strong>A kisprojekt vége:</strong></td>
<td width="245">2025.08.31</td>
</tr>
</tbody>
</table>

<!-- This site is optimized with the Yoast SEO plugin v27.5 - https://yoast.com/product/yoast-seo-wordpress/ -->
<title>Cigány Fiatalok Életmód És Kulturális Szervezete - spf-viacarpatia.eu | Fond malých projektov</title>
<meta name="robots" content="index, follow, max-snippet:-1, max-image-preview:large, max-video-preview:-1" />
<link rel="canonical" href="https://spf-viacarpatia.eu/hu/projekty/cigany-fiatalok-eletmod-es-kulturalis-szervezete/" />
<meta property="og:locale" content="hu_HU" />
<meta property="og:type" content="article" />
<meta property="og:title" content="Cigány Fiatalok Életmód És Kulturális Szervezete - spf-viacarpatia.eu | Fond malých projektov" />
<meta property="og:description" content="A projekt célja a szlovákiai Ipolyság- és a magyarországi Nógrád térségéből érkező gyermekek és fiatalok közötti határon átnyúló együttműködés erősítése. Ennek érdekében egy 6 napos ifjúsági tábor kerül megrendezésre Bercelen. A táborban 90 szlovákiai és 40 magyar gyermek vesz részt. A kisprojekt megnevezése: Szlovák-Magyar nemzetiségi hagyományok átörökítése az ifjúságnak! A kisprojekt rövid címe:  Nemzetiségi Ifjúsági Tábor [&hellip;]" />
<meta property="og:url" content="https://spf-viacarpatia.eu/hu/projekty/cigany-fiatalok-eletmod-es-kulturalis-szervezete/" />
<meta property="og:site_name" content="spf-viacarpatia.eu | Fond malých projektov" />
<meta name="twitter:card" content="summary_large_image" />
<meta name="twitter:label1" content="Becsült olvasási idő" />
	<meta name="twitter:data1" content="1 perc" />
<script type="application/ld+json" class="yoast-schema-graph">{"@context":"https:\/\/schema.org","@graph":[{"@type":"WebPage","@id":"https:\/\/spf-viacarpatia.eu\/hu\/projekty\/cigany-fiatalok-eletmod-es-kulturalis-szervezete\/","url":"https:\/\/spf-viacarpatia.eu\/hu\/projekty\/cigany-fiatalok-eletmod-es-kulturalis-szervezete\/","name":"Cigány Fiatalok Életmód És Kulturális Szervezete - spf-viacarpatia.eu | Fond malých projektov","isPartOf":{"@id":"https:\/\/spf-viacarpatia.eu\/#website"},"datePublished":"2025-05-06T07:41:52+00:00","inLanguage":"hu","potentialAction":[{"@type":"ReadAction","target":["https:\/\/spf-viacarpatia.eu\/hu\/projekty\/cigany-fiatalok-eletmod-es-kulturalis-szervezete\/"]}]},{"@type":"WebSite","@id":"https:\/\/spf-viacarpatia.eu\/#website","url":"https:\/\/spf-viacarpatia.eu\/","name":"ViaCarpatia","description":"Fond malých projektov","alternateName":"ViaCarpatia","potentialAction":[{"@type":"SearchAction","target":{"@type":"EntryPoint","urlTemplate":"https:\/\/spf-viacarpatia.eu\/?s={search_term_string}"},"query-input":{"@type":"PropertyValueSpecification","valueRequired":true,"valueName":"search_term_string"}}],"inLanguage":"hu"}]}</script>
<!-- / Yoast SEO plugin. -->

Cigány Fiatalok Életmód És Kulturális Szervezete - spf-viacarpatia.eu | Fond malých projektov

A projekt célja a szlovákiai Ipolyság- és a magyarországi Nógrád térségéből érkező gyermekek és fiatalok közötti határon átnyúló együttműködés erősítése. Ennek érdekében egy 6 napos ifjúsági tábor kerül megrendezésre Bercelen. A táborban 90 szlovákiai és 40 magyar gyermek vesz részt. A kisprojekt megnevezése: Szlovák-Magyar nemzetiségi hagyományok átörökítése az ifjúságnak! A kisprojekt rövid címe:  Nemzetiségi Ifjúsági Tábor [&hellip;]

spf-viacarpatia.eu | Fond malých projektov

Fond malých projektov
