{"id":9616,"date":"2025-05-06T09:50:58","date_gmt":"2025-05-06T07:50:58","guid":{"rendered":"https:\/\/spf-viacarpatia.eu\/?post_type=projekty&#038;p=9616"},"modified":"2025-05-06T09:50:58","modified_gmt":"2025-05-06T07:50:58","slug":"kosice-it-valley","status":"publish","type":"projekty","link":"https:\/\/spf-viacarpatia.eu\/hu\/projekty\/kosice-it-valley\/","title":{"rendered":"Ko\u0161ice IT Valley"},"content":{"rendered":"<p>M\u00e1jov\u00e1 odborn\u00e1 konferencia \u201eRegi\u00f3n bud\u00facnosti \u2013 Bud\u00facnos\u0165 regi\u00f3nu\u201c vytvor\u00ed platformu na diskusiu o v\u00fdzvach a pr\u00edle\u017eitostiach Karpatsk\u00e9ho regi\u00f3nu, pri\u010dom spoj\u00ed odborn\u00edkov, akademikov, verejn\u00fa spr\u00e1vu a podnikate\u013eov zo Slovenska a Ma\u010farska. Hlavn\u00fdm cie\u013eom je podpora cezhrani\u010dnej spolupr\u00e1ce a v\u00fdmena sk\u00fasenost\u00ed v oblasti region\u00e1lneho rozvoja. Konferencia v Ko\u0161iciach priv\u00edta 270 \u00fa\u010dastn\u00edkov a pon\u00fakne priestor na networking a EXPO sekciu na prezent\u00e1ciu organiz\u00e1ci\u00ed z oboch kraj\u00edn.<\/p>\n<table width=\"500\">\n<tbody>\n<tr>\n<td><strong>N\u00e1zov projektu:<\/strong><\/td>\n<td>Regi\u00f3n bud\u00facnosti &#8211; Bud\u00facnos\u0165 regi\u00f3nu<\/td>\n<\/tr>\n<tr>\n<td><strong>Akronym:<\/strong><\/td>\n<td>REGION<\/td>\n<\/tr>\n<tr>\n<td><strong>K\u00f3d v\u00fdzvy:<\/strong><\/td>\n<td>HUSK\/2401\/3.1\/020<\/td>\n<\/tr>\n<tr>\n<td><strong>Prioritn\u00e1 os:<\/strong><\/td>\n<td>3. \u2013 Institutional cooperations<\/td>\n<\/tr>\n<tr>\n<td><strong>\u0160pecifick\u00fd cie\u013e:<\/strong><\/td>\n<td>3.2.1 \u2013 Small project fund<\/td>\n<\/tr>\n<tr>\n<td><strong>K\u00f3d projektu:\u00a0\u00a0<\/strong><\/td>\n<td>HUSK\/SPF\/2401\/3.2\/069<\/td>\n<\/tr>\n<tr>\n<td><strong>Celkov\u00fd rozpo\u010det projektu:<\/strong><\/td>\n<td>42 287,5 \u20ac<\/td>\n<\/tr>\n<tr>\n<td><strong>Rozpo\u010det ERDF:<\/strong><\/td>\n<td>33 830, 00 \u20ac<\/td>\n<\/tr>\n<tr>\n<td><strong>Za\u010diatok projektu:<\/strong><\/td>\n<td>01.01.2025<\/td>\n<\/tr>\n<tr>\n<td><strong>Koniec projektu:<\/strong><\/td>\n<td>31.05.2025<\/td>\n<\/tr>\n<\/tbody>\n<\/table>\n<p>&nbsp;<\/p>\n","protected":false},"featured_media":0,"template":"","projekt-kategoria":[26],"class_list":["post-9616","projekty","type-projekty","status-publish","hentry","projekt-kategoria-a-kisprojekt-alap-husk-spf-2401-felhivasanak-tamogatott-projektjei"],"acf":[],"yoast_head":"<!-- This site is optimized with the Yoast SEO plugin v27.5 - https:\/\/yoast.com\/product\/yoast-seo-wordpress\/ -->\n<title>Ko\u0161ice IT Valley - spf-viacarpatia.eu | Fond mal\u00fdch projektov<\/title>\n<meta name=\"robots\" content=\"index, follow, max-snippet:-1, max-image-preview:large, max-video-preview:-1\" \/>\n<link rel=\"canonical\" href=\"https:\/\/spf-viacarpatia.eu\/hu\/projekty\/kosice-it-valley\/\" \/>\n<meta property=\"og:locale\" content=\"hu_HU\" \/>\n<meta property=\"og:type\" content=\"article\" \/>\n<meta property=\"og:title\" content=\"Ko\u0161ice IT Valley - spf-viacarpatia.eu | Fond mal\u00fdch projektov\" \/>\n<meta property=\"og:description\" content=\"M\u00e1jov\u00e1 odborn\u00e1 konferencia \u201eRegi\u00f3n bud\u00facnosti \u2013 Bud\u00facnos\u0165 regi\u00f3nu\u201c vytvor\u00ed platformu na diskusiu o v\u00fdzvach a pr\u00edle\u017eitostiach Karpatsk\u00e9ho regi\u00f3nu, pri\u010dom spoj\u00ed odborn\u00edkov, akademikov, verejn\u00fa spr\u00e1vu a podnikate\u013eov zo Slovenska a Ma\u010farska. Hlavn\u00fdm cie\u013eom je podpora cezhrani\u010dnej spolupr\u00e1ce a v\u00fdmena sk\u00fasenost\u00ed v oblasti region\u00e1lneho rozvoja. Konferencia v Ko\u0161iciach priv\u00edta 270 \u00fa\u010dastn\u00edkov a pon\u00fakne priestor na networking a [&hellip;]\" \/>\n<meta property=\"og:url\" content=\"https:\/\/spf-viacarpatia.eu\/hu\/projekty\/kosice-it-valley\/\" \/>\n<meta property=\"og:site_name\" content=\"spf-viacarpatia.eu | Fond mal\u00fdch projektov\" \/>\n<meta name=\"twitter:card\" content=\"summary_large_image\" \/>\n<meta name=\"twitter:label1\" content=\"Becs\u00fclt olvas\u00e1si id\u0151\" \/>\n\t<meta name=\"twitter:data1\" content=\"1 perc\" \/>\n<script type=\"application\/ld+json\" class=\"yoast-schema-graph\">{\"@context\":\"https:\\\/\\\/schema.org\",\"@graph\":[{\"@type\":\"WebPage\",\"@id\":\"https:\\\/\\\/spf-viacarpatia.eu\\\/hu\\\/projekty\\\/kosice-it-valley\\\/\",\"url\":\"https:\\\/\\\/spf-viacarpatia.eu\\\/hu\\\/projekty\\\/kosice-it-valley\\\/\",\"name\":\"Ko\u0161ice IT Valley - spf-viacarpatia.eu | Fond mal\u00fdch projektov\",\"isPartOf\":{\"@id\":\"https:\\\/\\\/spf-viacarpatia.eu\\\/#website\"},\"datePublished\":\"2025-05-06T07:50:58+00:00\",\"inLanguage\":\"hu\",\"potentialAction\":[{\"@type\":\"ReadAction\",\"target\":[\"https:\\\/\\\/spf-viacarpatia.eu\\\/hu\\\/projekty\\\/kosice-it-valley\\\/\"]}]},{\"@type\":\"WebSite\",\"@id\":\"https:\\\/\\\/spf-viacarpatia.eu\\\/#website\",\"url\":\"https:\\\/\\\/spf-viacarpatia.eu\\\/\",\"name\":\"ViaCarpatia\",\"description\":\"Fond mal\u00fdch projektov\",\"alternateName\":\"ViaCarpatia\",\"potentialAction\":[{\"@type\":\"SearchAction\",\"target\":{\"@type\":\"EntryPoint\",\"urlTemplate\":\"https:\\\/\\\/spf-viacarpatia.eu\\\/?s={search_term_string}\"},\"query-input\":{\"@type\":\"PropertyValueSpecification\",\"valueRequired\":true,\"valueName\":\"search_term_string\"}}],\"inLanguage\":\"hu\"}]}<\/script>\n<!-- \/ Yoast SEO plugin. -->","yoast_head_json":{"title":"Ko\u0161ice IT Valley - spf-viacarpatia.eu | Fond mal\u00fdch projektov","robots":{"index":"index","follow":"follow","max-snippet":"max-snippet:-1","max-image-preview":"max-image-preview:large","max-video-preview":"max-video-preview:-1"},"canonical":"https:\/\/spf-viacarpatia.eu\/hu\/projekty\/kosice-it-valley\/","og_locale":"hu_HU","og_type":"article","og_title":"Ko\u0161ice IT Valley - spf-viacarpatia.eu | Fond mal\u00fdch projektov","og_description":"M\u00e1jov\u00e1 odborn\u00e1 konferencia \u201eRegi\u00f3n bud\u00facnosti \u2013 Bud\u00facnos\u0165 regi\u00f3nu\u201c vytvor\u00ed platformu na diskusiu o v\u00fdzvach a pr\u00edle\u017eitostiach Karpatsk\u00e9ho regi\u00f3nu, pri\u010dom spoj\u00ed odborn\u00edkov, akademikov, verejn\u00fa spr\u00e1vu a podnikate\u013eov zo Slovenska a Ma\u010farska. Hlavn\u00fdm cie\u013eom je podpora cezhrani\u010dnej spolupr\u00e1ce a v\u00fdmena sk\u00fasenost\u00ed v oblasti region\u00e1lneho rozvoja. Konferencia v Ko\u0161iciach priv\u00edta 270 \u00fa\u010dastn\u00edkov a pon\u00fakne priestor na networking a [&hellip;]","og_url":"https:\/\/spf-viacarpatia.eu\/hu\/projekty\/kosice-it-valley\/","og_site_name":"spf-viacarpatia.eu | Fond mal\u00fdch projektov","twitter_card":"summary_large_image","twitter_misc":{"Becs\u00fclt olvas\u00e1si id\u0151":"1 perc"},"schema":{"@context":"https:\/\/schema.org","@graph":[{"@type":"WebPage","@id":"https:\/\/spf-viacarpatia.eu\/hu\/projekty\/kosice-it-valley\/","url":"https:\/\/spf-viacarpatia.eu\/hu\/projekty\/kosice-it-valley\/","name":"Ko\u0161ice IT Valley - spf-viacarpatia.eu | Fond mal\u00fdch projektov","isPartOf":{"@id":"https:\/\/spf-viacarpatia.eu\/#website"},"datePublished":"2025-05-06T07:50:58+00:00","inLanguage":"hu","potentialAction":[{"@type":"ReadAction","target":["https:\/\/spf-viacarpatia.eu\/hu\/projekty\/kosice-it-valley\/"]}]},{"@type":"WebSite","@id":"https:\/\/spf-viacarpatia.eu\/#website","url":"https:\/\/spf-viacarpatia.eu\/","name":"ViaCarpatia","description":"Fond mal\u00fdch projektov","alternateName":"ViaCarpatia","potentialAction":[{"@type":"SearchAction","target":{"@type":"EntryPoint","urlTemplate":"https:\/\/spf-viacarpatia.eu\/?s={search_term_string}"},"query-input":{"@type":"PropertyValueSpecification","valueRequired":true,"valueName":"search_term_string"}}],"inLanguage":"hu"}]}},"_links":{"self":[{"href":"https:\/\/spf-viacarpatia.eu\/hu\/wp-json\/wp\/v2\/projekty\/9616","targetHints":{"allow":["GET"]}}],"collection":[{"href":"https:\/\/spf-viacarpatia.eu\/hu\/wp-json\/wp\/v2\/projekty"}],"about":[{"href":"https:\/\/spf-viacarpatia.eu\/hu\/wp-json\/wp\/v2\/types\/projekty"}],"wp:attachment":[{"href":"https:\/\/spf-viacarpatia.eu\/hu\/wp-json\/wp\/v2\/media?parent=9616"}],"wp:term":[{"taxonomy":"projekt-kategoria","embeddable":true,"href":"https:\/\/spf-viacarpatia.eu\/hu\/wp-json\/wp\/v2\/projekt-kategoria?post=9616"}],"curies":[{"name":"wp","href":"https:\/\/api.w.org\/{rel}","templated":true}]}}

Košice IT Valley

<p>Májová odborná konferencia „Región budúcnosti – Budúcnosť regiónu“ vytvorí platformu na diskusiu o výzvach a príležitostiach Karpatského regiónu, pričom spojí odborníkov, akademikov, verejnú správu a podnikateľov zo Slovenska a Maďarska. Hlavným cieľom je podpora cezhraničnej spolupráce a výmena skúseností v oblasti regionálneho rozvoja. Konferencia v Košiciach privíta 270 účastníkov a ponúkne priestor na networking a EXPO sekciu na prezentáciu organizácií z oboch krajín.</p>
<table width="500">
<tbody>
<tr>
<td><strong>Názov projektu:</strong></td>
<td>Región budúcnosti &#8211; Budúcnosť regiónu</td>
</tr>
<tr>
<td><strong>Akronym:</strong></td>
<td>REGION</td>
</tr>
<tr>
<td><strong>Kód výzvy:</strong></td>
<td>HUSK/2401/3.1/020</td>
</tr>
<tr>
<td><strong>Prioritná os:</strong></td>
<td>3. – Institutional cooperations</td>
</tr>
<tr>
<td><strong>Špecifický cieľ:</strong></td>
<td>3.2.1 – Small project fund</td>
</tr>
<tr>
<td><strong>Kód projektu:  </strong></td>
<td>HUSK/SPF/2401/3.2/069</td>
</tr>
<tr>
<td><strong>Celkový rozpočet projektu:</strong></td>
<td>42 287,5 €</td>
</tr>
<tr>
<td><strong>Rozpočet ERDF:</strong></td>
<td>33 830, 00 €</td>
</tr>
<tr>
<td><strong>Začiatok projektu:</strong></td>
<td>01.01.2025</td>
</tr>
<tr>
<td><strong>Koniec projektu:</strong></td>
<td>31.05.2025</td>
</tr>
</tbody>
</table>
<p>&nbsp;</p>

<!-- This site is optimized with the Yoast SEO plugin v27.5 - https://yoast.com/product/yoast-seo-wordpress/ -->
<title>Košice IT Valley - spf-viacarpatia.eu | Fond malých projektov</title>
<meta name="robots" content="index, follow, max-snippet:-1, max-image-preview:large, max-video-preview:-1" />
<link rel="canonical" href="https://spf-viacarpatia.eu/hu/projekty/kosice-it-valley/" />
<meta property="og:locale" content="hu_HU" />
<meta property="og:type" content="article" />
<meta property="og:title" content="Košice IT Valley - spf-viacarpatia.eu | Fond malých projektov" />
<meta property="og:description" content="Májová odborná konferencia „Región budúcnosti – Budúcnosť regiónu“ vytvorí platformu na diskusiu o výzvach a príležitostiach Karpatského regiónu, pričom spojí odborníkov, akademikov, verejnú správu a podnikateľov zo Slovenska a Maďarska. Hlavným cieľom je podpora cezhraničnej spolupráce a výmena skúseností v oblasti regionálneho rozvoja. Konferencia v Košiciach privíta 270 účastníkov a ponúkne priestor na networking a [&hellip;]" />
<meta property="og:url" content="https://spf-viacarpatia.eu/hu/projekty/kosice-it-valley/" />
<meta property="og:site_name" content="spf-viacarpatia.eu | Fond malých projektov" />
<meta name="twitter:card" content="summary_large_image" />
<meta name="twitter:label1" content="Becsült olvasási idő" />
	<meta name="twitter:data1" content="1 perc" />
<script type="application/ld+json" class="yoast-schema-graph">{"@context":"https:\/\/schema.org","@graph":[{"@type":"WebPage","@id":"https:\/\/spf-viacarpatia.eu\/hu\/projekty\/kosice-it-valley\/","url":"https:\/\/spf-viacarpatia.eu\/hu\/projekty\/kosice-it-valley\/","name":"Košice IT Valley - spf-viacarpatia.eu | Fond malých projektov","isPartOf":{"@id":"https:\/\/spf-viacarpatia.eu\/#website"},"datePublished":"2025-05-06T07:50:58+00:00","inLanguage":"hu","potentialAction":[{"@type":"ReadAction","target":["https:\/\/spf-viacarpatia.eu\/hu\/projekty\/kosice-it-valley\/"]}]},{"@type":"WebSite","@id":"https:\/\/spf-viacarpatia.eu\/#website","url":"https:\/\/spf-viacarpatia.eu\/","name":"ViaCarpatia","description":"Fond malých projektov","alternateName":"ViaCarpatia","potentialAction":[{"@type":"SearchAction","target":{"@type":"EntryPoint","urlTemplate":"https:\/\/spf-viacarpatia.eu\/?s={search_term_string}"},"query-input":{"@type":"PropertyValueSpecification","valueRequired":true,"valueName":"search_term_string"}}],"inLanguage":"hu"}]}</script>
<!-- / Yoast SEO plugin. -->

Košice IT Valley - spf-viacarpatia.eu | Fond malých projektov

Májová odborná konferencia „Región budúcnosti – Budúcnosť regiónu“ vytvorí platformu na diskusiu o výzvach a príležitostiach Karpatského regiónu, pričom spojí odborníkov, akademikov, verejnú správu a podnikateľov zo Slovenska a Maďarska. Hlavným cieľom je podpora cezhraničnej spolupráce a výmena skúseností v oblasti regionálneho rozvoja. Konferencia v Košiciach privíta 270 účastníkov a ponúkne priestor na networking a [&hellip;]

spf-viacarpatia.eu | Fond malých projektov

Fond malých projektov
