{"id":9624,"date":"2025-05-06T10:32:36","date_gmt":"2025-05-06T08:32:36","guid":{"rendered":"https:\/\/spf-viacarpatia.eu\/?post_type=projekty&#038;p=9624"},"modified":"2025-05-06T10:38:07","modified_gmt":"2025-05-06T08:38:07","slug":"obcianske-zdruzenie-som-clovekom","status":"publish","type":"projekty","link":"https:\/\/spf-viacarpatia.eu\/hu\/projekty\/obcianske-zdruzenie-som-clovekom\/","title":{"rendered":"Ob\u010dianske zdru\u017eenie Som \u010dlovekom"},"content":{"rendered":"<p>Pobytov\u00fd t\u00e1bor <em>Modr\u00e9 srdce<\/em> je jedin\u00fdm podporen\u00fdm t\u00e1borom v r\u00e1mci tejto v\u00fdzvy a je ur\u010den\u00fd pre deti s autizmom a ich rodi\u010dov zo Slovenska a Ma\u010farska. Cie\u013eom projektu je posilni\u0165 cezhrani\u010dn\u00fa spolupr\u00e1cu a podpori\u0165 za\u010dlenenie det\u00ed do spolo\u010dnosti prostredn\u00edctvom r\u00f4znych aktiv\u00edt. Deti sa z\u00fa\u010dastnia \u0161portov\u00fdch hier, tvoriv\u00fdch \u010dinnost\u00ed a kult\u00farnych prezent\u00e1ci\u00ed, pri\u010dom rodi\u010dia z\u00edskaj\u00fa odborn\u00fa pomoc od \u0161peci\u00e1lnych pedag\u00f3gov od ma\u010farsk\u00e9ho partnera, ktor\u00fd m\u00e1 bohat\u00e9 sk\u00fasenosti v pr\u00e1ci s de\u0165mi s autizmom a pom\u00f4\u017ee pri v\u00fdmene sk\u00fasenost\u00ed.<\/p>\n<table width=\"500\">\n<tbody>\n<tr>\n<td><strong>N\u00e1zov projektu:<\/strong><\/td>\n<td>Pobytov\u00fd t\u00e1bor MODR\u00c9 SRDCE<\/td>\n<\/tr>\n<tr>\n<td><strong>Akronym:<\/strong><\/td>\n<td>Modr\u00e9 srdce<\/td>\n<\/tr>\n<tr>\n<td><strong>K\u00f3d v\u00fdzvy:<\/strong><\/td>\n<td>HUSK\/2401\/3.1\/020<\/td>\n<\/tr>\n<tr>\n<td><strong>Prioritn\u00e1 os:<\/strong><\/td>\n<td>3. \u2013 Institutional cooperations<\/td>\n<\/tr>\n<tr>\n<td><strong>\u0160pecifick\u00fd cie\u013e:<\/strong><\/td>\n<td>3.2.1 \u2013 Small project fund<\/td>\n<\/tr>\n<tr>\n<td><strong>K\u00f3d projektu:\u00a0\u00a0<\/strong><\/td>\n<td>HUSK\/SPF\/2401\/3.2\/094<\/td>\n<\/tr>\n<tr>\n<td><strong>Celkov\u00fd rozpo\u010det projektu:<\/strong><\/td>\n<td>10 568,75 \u20ac<\/td>\n<\/tr>\n<tr>\n<td><strong>Rozpo\u010det ERDF:<\/strong><\/td>\n<td>8 455,00 \u20ac<\/td>\n<\/tr>\n<tr>\n<td><strong>Za\u010diatok projektu:<\/strong><\/td>\n<td>01.04.2025<\/td>\n<\/tr>\n<tr>\n<td><strong>Koniec projektu:<\/strong><\/td>\n<td>31.07.2025<\/td>\n<\/tr>\n<\/tbody>\n<\/table>\n","protected":false},"featured_media":0,"template":"","projekt-kategoria":[26],"class_list":["post-9624","projekty","type-projekty","status-publish","hentry","projekt-kategoria-a-kisprojekt-alap-husk-spf-2401-felhivasanak-tamogatott-projektjei"],"acf":[],"yoast_head":"<!-- This site is optimized with the Yoast SEO plugin v27.5 - https:\/\/yoast.com\/product\/yoast-seo-wordpress\/ -->\n<title>Ob\u010dianske zdru\u017eenie Som \u010dlovekom - spf-viacarpatia.eu | Fond mal\u00fdch projektov<\/title>\n<meta name=\"robots\" content=\"index, follow, max-snippet:-1, max-image-preview:large, max-video-preview:-1\" \/>\n<link rel=\"canonical\" href=\"https:\/\/spf-viacarpatia.eu\/hu\/projekty\/obcianske-zdruzenie-som-clovekom\/\" \/>\n<meta property=\"og:locale\" content=\"hu_HU\" \/>\n<meta property=\"og:type\" content=\"article\" \/>\n<meta property=\"og:title\" content=\"Ob\u010dianske zdru\u017eenie Som \u010dlovekom - spf-viacarpatia.eu | Fond mal\u00fdch projektov\" \/>\n<meta property=\"og:description\" content=\"Pobytov\u00fd t\u00e1bor Modr\u00e9 srdce je jedin\u00fdm podporen\u00fdm t\u00e1borom v r\u00e1mci tejto v\u00fdzvy a je ur\u010den\u00fd pre deti s autizmom a ich rodi\u010dov zo Slovenska a Ma\u010farska. Cie\u013eom projektu je posilni\u0165 cezhrani\u010dn\u00fa spolupr\u00e1cu a podpori\u0165 za\u010dlenenie det\u00ed do spolo\u010dnosti prostredn\u00edctvom r\u00f4znych aktiv\u00edt. Deti sa z\u00fa\u010dastnia \u0161portov\u00fdch hier, tvoriv\u00fdch \u010dinnost\u00ed a kult\u00farnych prezent\u00e1ci\u00ed, pri\u010dom rodi\u010dia z\u00edskaj\u00fa odborn\u00fa [&hellip;]\" \/>\n<meta property=\"og:url\" content=\"https:\/\/spf-viacarpatia.eu\/hu\/projekty\/obcianske-zdruzenie-som-clovekom\/\" \/>\n<meta property=\"og:site_name\" content=\"spf-viacarpatia.eu | Fond mal\u00fdch projektov\" \/>\n<meta property=\"article:modified_time\" content=\"2025-05-06T08:38:07+00:00\" \/>\n<meta name=\"twitter:card\" content=\"summary_large_image\" \/>\n<meta name=\"twitter:label1\" content=\"Becs\u00fclt olvas\u00e1si id\u0151\" \/>\n\t<meta name=\"twitter:data1\" content=\"1 perc\" \/>\n<script type=\"application\/ld+json\" class=\"yoast-schema-graph\">{\"@context\":\"https:\\\/\\\/schema.org\",\"@graph\":[{\"@type\":\"WebPage\",\"@id\":\"https:\\\/\\\/spf-viacarpatia.eu\\\/hu\\\/projekty\\\/obcianske-zdruzenie-som-clovekom\\\/\",\"url\":\"https:\\\/\\\/spf-viacarpatia.eu\\\/hu\\\/projekty\\\/obcianske-zdruzenie-som-clovekom\\\/\",\"name\":\"Ob\u010dianske zdru\u017eenie Som \u010dlovekom - spf-viacarpatia.eu | Fond mal\u00fdch projektov\",\"isPartOf\":{\"@id\":\"https:\\\/\\\/spf-viacarpatia.eu\\\/#website\"},\"datePublished\":\"2025-05-06T08:32:36+00:00\",\"dateModified\":\"2025-05-06T08:38:07+00:00\",\"inLanguage\":\"hu\",\"potentialAction\":[{\"@type\":\"ReadAction\",\"target\":[\"https:\\\/\\\/spf-viacarpatia.eu\\\/hu\\\/projekty\\\/obcianske-zdruzenie-som-clovekom\\\/\"]}]},{\"@type\":\"WebSite\",\"@id\":\"https:\\\/\\\/spf-viacarpatia.eu\\\/#website\",\"url\":\"https:\\\/\\\/spf-viacarpatia.eu\\\/\",\"name\":\"ViaCarpatia\",\"description\":\"Fond mal\u00fdch projektov\",\"alternateName\":\"ViaCarpatia\",\"potentialAction\":[{\"@type\":\"SearchAction\",\"target\":{\"@type\":\"EntryPoint\",\"urlTemplate\":\"https:\\\/\\\/spf-viacarpatia.eu\\\/?s={search_term_string}\"},\"query-input\":{\"@type\":\"PropertyValueSpecification\",\"valueRequired\":true,\"valueName\":\"search_term_string\"}}],\"inLanguage\":\"hu\"}]}<\/script>\n<!-- \/ Yoast SEO plugin. -->","yoast_head_json":{"title":"Ob\u010dianske zdru\u017eenie Som \u010dlovekom - spf-viacarpatia.eu | Fond mal\u00fdch projektov","robots":{"index":"index","follow":"follow","max-snippet":"max-snippet:-1","max-image-preview":"max-image-preview:large","max-video-preview":"max-video-preview:-1"},"canonical":"https:\/\/spf-viacarpatia.eu\/hu\/projekty\/obcianske-zdruzenie-som-clovekom\/","og_locale":"hu_HU","og_type":"article","og_title":"Ob\u010dianske zdru\u017eenie Som \u010dlovekom - spf-viacarpatia.eu | Fond mal\u00fdch projektov","og_description":"Pobytov\u00fd t\u00e1bor Modr\u00e9 srdce je jedin\u00fdm podporen\u00fdm t\u00e1borom v r\u00e1mci tejto v\u00fdzvy a je ur\u010den\u00fd pre deti s autizmom a ich rodi\u010dov zo Slovenska a Ma\u010farska. Cie\u013eom projektu je posilni\u0165 cezhrani\u010dn\u00fa spolupr\u00e1cu a podpori\u0165 za\u010dlenenie det\u00ed do spolo\u010dnosti prostredn\u00edctvom r\u00f4znych aktiv\u00edt. Deti sa z\u00fa\u010dastnia \u0161portov\u00fdch hier, tvoriv\u00fdch \u010dinnost\u00ed a kult\u00farnych prezent\u00e1ci\u00ed, pri\u010dom rodi\u010dia z\u00edskaj\u00fa odborn\u00fa [&hellip;]","og_url":"https:\/\/spf-viacarpatia.eu\/hu\/projekty\/obcianske-zdruzenie-som-clovekom\/","og_site_name":"spf-viacarpatia.eu | Fond mal\u00fdch projektov","article_modified_time":"2025-05-06T08:38:07+00:00","twitter_card":"summary_large_image","twitter_misc":{"Becs\u00fclt olvas\u00e1si id\u0151":"1 perc"},"schema":{"@context":"https:\/\/schema.org","@graph":[{"@type":"WebPage","@id":"https:\/\/spf-viacarpatia.eu\/hu\/projekty\/obcianske-zdruzenie-som-clovekom\/","url":"https:\/\/spf-viacarpatia.eu\/hu\/projekty\/obcianske-zdruzenie-som-clovekom\/","name":"Ob\u010dianske zdru\u017eenie Som \u010dlovekom - spf-viacarpatia.eu | Fond mal\u00fdch projektov","isPartOf":{"@id":"https:\/\/spf-viacarpatia.eu\/#website"},"datePublished":"2025-05-06T08:32:36+00:00","dateModified":"2025-05-06T08:38:07+00:00","inLanguage":"hu","potentialAction":[{"@type":"ReadAction","target":["https:\/\/spf-viacarpatia.eu\/hu\/projekty\/obcianske-zdruzenie-som-clovekom\/"]}]},{"@type":"WebSite","@id":"https:\/\/spf-viacarpatia.eu\/#website","url":"https:\/\/spf-viacarpatia.eu\/","name":"ViaCarpatia","description":"Fond mal\u00fdch projektov","alternateName":"ViaCarpatia","potentialAction":[{"@type":"SearchAction","target":{"@type":"EntryPoint","urlTemplate":"https:\/\/spf-viacarpatia.eu\/?s={search_term_string}"},"query-input":{"@type":"PropertyValueSpecification","valueRequired":true,"valueName":"search_term_string"}}],"inLanguage":"hu"}]}},"_links":{"self":[{"href":"https:\/\/spf-viacarpatia.eu\/hu\/wp-json\/wp\/v2\/projekty\/9624","targetHints":{"allow":["GET"]}}],"collection":[{"href":"https:\/\/spf-viacarpatia.eu\/hu\/wp-json\/wp\/v2\/projekty"}],"about":[{"href":"https:\/\/spf-viacarpatia.eu\/hu\/wp-json\/wp\/v2\/types\/projekty"}],"wp:attachment":[{"href":"https:\/\/spf-viacarpatia.eu\/hu\/wp-json\/wp\/v2\/media?parent=9624"}],"wp:term":[{"taxonomy":"projekt-kategoria","embeddable":true,"href":"https:\/\/spf-viacarpatia.eu\/hu\/wp-json\/wp\/v2\/projekt-kategoria?post=9624"}],"curies":[{"name":"wp","href":"https:\/\/api.w.org\/{rel}","templated":true}]}}

Občianske združenie Som človekom

<p>Pobytový tábor <em>Modré srdce</em> je jediným podporeným táborom v rámci tejto výzvy a je určený pre deti s autizmom a ich rodičov zo Slovenska a Maďarska. Cieľom projektu je posilniť cezhraničnú spoluprácu a podporiť začlenenie detí do spoločnosti prostredníctvom rôznych aktivít. Deti sa zúčastnia športových hier, tvorivých činností a kultúrnych prezentácií, pričom rodičia získajú odbornú pomoc od špeciálnych pedagógov od maďarského partnera, ktorý má bohaté skúsenosti v práci s deťmi s autizmom a pomôže pri výmene skúseností.</p>
<table width="500">
<tbody>
<tr>
<td><strong>Názov projektu:</strong></td>
<td>Pobytový tábor MODRÉ SRDCE</td>
</tr>
<tr>
<td><strong>Akronym:</strong></td>
<td>Modré srdce</td>
</tr>
<tr>
<td><strong>Kód výzvy:</strong></td>
<td>HUSK/2401/3.1/020</td>
</tr>
<tr>
<td><strong>Prioritná os:</strong></td>
<td>3. – Institutional cooperations</td>
</tr>
<tr>
<td><strong>Špecifický cieľ:</strong></td>
<td>3.2.1 – Small project fund</td>
</tr>
<tr>
<td><strong>Kód projektu:  </strong></td>
<td>HUSK/SPF/2401/3.2/094</td>
</tr>
<tr>
<td><strong>Celkový rozpočet projektu:</strong></td>
<td>10 568,75 €</td>
</tr>
<tr>
<td><strong>Rozpočet ERDF:</strong></td>
<td>8 455,00 €</td>
</tr>
<tr>
<td><strong>Začiatok projektu:</strong></td>
<td>01.04.2025</td>
</tr>
<tr>
<td><strong>Koniec projektu:</strong></td>
<td>31.07.2025</td>
</tr>
</tbody>
</table>

<!-- This site is optimized with the Yoast SEO plugin v27.5 - https://yoast.com/product/yoast-seo-wordpress/ -->
<title>Občianske združenie Som človekom - spf-viacarpatia.eu | Fond malých projektov</title>
<meta name="robots" content="index, follow, max-snippet:-1, max-image-preview:large, max-video-preview:-1" />
<link rel="canonical" href="https://spf-viacarpatia.eu/hu/projekty/obcianske-zdruzenie-som-clovekom/" />
<meta property="og:locale" content="hu_HU" />
<meta property="og:type" content="article" />
<meta property="og:title" content="Občianske združenie Som človekom - spf-viacarpatia.eu | Fond malých projektov" />
<meta property="og:description" content="Pobytový tábor Modré srdce je jediným podporeným táborom v rámci tejto výzvy a je určený pre deti s autizmom a ich rodičov zo Slovenska a Maďarska. Cieľom projektu je posilniť cezhraničnú spoluprácu a podporiť začlenenie detí do spoločnosti prostredníctvom rôznych aktivít. Deti sa zúčastnia športových hier, tvorivých činností a kultúrnych prezentácií, pričom rodičia získajú odbornú [&hellip;]" />
<meta property="og:url" content="https://spf-viacarpatia.eu/hu/projekty/obcianske-zdruzenie-som-clovekom/" />
<meta property="og:site_name" content="spf-viacarpatia.eu | Fond malých projektov" />
<meta property="article:modified_time" content="2025-05-06T08:38:07+00:00" />
<meta name="twitter:card" content="summary_large_image" />
<meta name="twitter:label1" content="Becsült olvasási idő" />
	<meta name="twitter:data1" content="1 perc" />
<script type="application/ld+json" class="yoast-schema-graph">{"@context":"https:\/\/schema.org","@graph":[{"@type":"WebPage","@id":"https:\/\/spf-viacarpatia.eu\/hu\/projekty\/obcianske-zdruzenie-som-clovekom\/","url":"https:\/\/spf-viacarpatia.eu\/hu\/projekty\/obcianske-zdruzenie-som-clovekom\/","name":"Občianske združenie Som človekom - spf-viacarpatia.eu | Fond malých projektov","isPartOf":{"@id":"https:\/\/spf-viacarpatia.eu\/#website"},"datePublished":"2025-05-06T08:32:36+00:00","dateModified":"2025-05-06T08:38:07+00:00","inLanguage":"hu","potentialAction":[{"@type":"ReadAction","target":["https:\/\/spf-viacarpatia.eu\/hu\/projekty\/obcianske-zdruzenie-som-clovekom\/"]}]},{"@type":"WebSite","@id":"https:\/\/spf-viacarpatia.eu\/#website","url":"https:\/\/spf-viacarpatia.eu\/","name":"ViaCarpatia","description":"Fond malých projektov","alternateName":"ViaCarpatia","potentialAction":[{"@type":"SearchAction","target":{"@type":"EntryPoint","urlTemplate":"https:\/\/spf-viacarpatia.eu\/?s={search_term_string}"},"query-input":{"@type":"PropertyValueSpecification","valueRequired":true,"valueName":"search_term_string"}}],"inLanguage":"hu"}]}</script>
<!-- / Yoast SEO plugin. -->

Občianske združenie Som človekom - spf-viacarpatia.eu | Fond malých projektov

Pobytový tábor Modré srdce je jediným podporeným táborom v rámci tejto výzvy a je určený pre deti s autizmom a ich rodičov zo Slovenska a Maďarska. Cieľom projektu je posilniť cezhraničnú spoluprácu a podporiť začlenenie detí do spoločnosti prostredníctvom rôznych aktivít. Deti sa zúčastnia športových hier, tvorivých činností a kultúrnych prezentácií, pričom rodičia získajú odbornú [&hellip;]

spf-viacarpatia.eu | Fond malých projektov

Fond malých projektov
