{"id":9647,"date":"2025-05-06T13:03:21","date_gmt":"2025-05-06T11:03:21","guid":{"rendered":"https:\/\/spf-viacarpatia.eu\/?post_type=projekty&#038;p=9647"},"modified":"2025-05-06T13:03:21","modified_gmt":"2025-05-06T11:03:21","slug":"magna-festum-2","status":"publish","type":"projekty","link":"https:\/\/spf-viacarpatia.eu\/hu\/projekty\/magna-festum-2\/","title":{"rendered":"Magna Festum"},"content":{"rendered":"<p>J\u00fanov\u00fd Festival 2025 Bez Hran\u00edc v Rimavskej Sobote prinesie bohat\u00fd program, ktor\u00fd spojuje kult\u00faru a umenie z oboch str\u00e1n hranice. Dvojd\u0148ov\u00e9 podujatie zah\u0155\u0148a koncerty zn\u00e1mych slovensk\u00fdch a ma\u010farsk\u00fdch kapiel, ako aj vyst\u00fapenia miestnych talentov a programy pre deti a rodiny, \u010d\u00edm oslov\u00ed \u0161irok\u00e9 spektrum n\u00e1v\u0161tevn\u00edkov a prinesie nezabudnute\u013en\u00e9 za\u017eitky. Festival z\u00e1rove\u0148 posiln\u00ed cezhrani\u010dn\u00e9 vz\u0165ahy medzi Slovenskom a Ma\u010farskom, pri\u010dom pon\u00fakne pr\u00edle\u017eitos\u0165 pre hlb\u0161iu kult\u00farnu v\u00fdmenu a vz\u00e1jomn\u00fa spolupatri\u010dnos\u0165, ktor\u00e1 pretrv\u00e1 aj po skon\u010den\u00ed podujatia.<\/p>\n<table width=\"500\">\n<tbody>\n<tr>\n<td><strong>N\u00e1zov projektu:<\/strong><\/td>\n<td>J\u00fanov\u00fd Festival 2025 Bez Hran\u00edc<\/td>\n<\/tr>\n<tr>\n<td><strong>Akronym:<\/strong><\/td>\n<td>J\u00fanFest 2025<\/td>\n<\/tr>\n<tr>\n<td><strong>K\u00f3d v\u00fdzvy:<\/strong><\/td>\n<td>HUSK\/2401\/3.1\/020<\/td>\n<\/tr>\n<tr>\n<td><strong>Prioritn\u00e1 os:<\/strong><\/td>\n<td>3. \u2013 Institutional cooperations<\/td>\n<\/tr>\n<tr>\n<td><strong>\u0160pecifick\u00fd cie\u013e:<\/strong><\/td>\n<td>3.2.1 \u2013 Small project fund<\/td>\n<\/tr>\n<tr>\n<td><strong>K\u00f3d projektu:\u00a0\u00a0<\/strong><\/td>\n<td>HUSK\/SPF\/2401\/3.2\/146<\/td>\n<\/tr>\n<tr>\n<td><strong>Celkov\u00fd rozpo\u010det projektu:<\/strong><\/td>\n<td>38 062,5 \u20ac<\/td>\n<\/tr>\n<tr>\n<td><strong>Rozpo\u010det ERDF:<\/strong><\/td>\n<td>30 450,00 \u20ac<\/td>\n<\/tr>\n<tr>\n<td><strong>Za\u010diatok projektu:<\/strong><\/td>\n<td>01.03.2025<\/td>\n<\/tr>\n<tr>\n<td><strong>Koniec projektu:<\/strong><\/td>\n<td>30.06.2025<\/td>\n<\/tr>\n<\/tbody>\n<\/table>\n","protected":false},"featured_media":0,"template":"","projekt-kategoria":[26],"class_list":["post-9647","projekty","type-projekty","status-publish","hentry","projekt-kategoria-a-kisprojekt-alap-husk-spf-2401-felhivasanak-tamogatott-projektjei"],"acf":[],"yoast_head":"<!-- This site is optimized with the Yoast SEO plugin v27.5 - https:\/\/yoast.com\/product\/yoast-seo-wordpress\/ -->\n<title>Magna Festum - spf-viacarpatia.eu | Fond mal\u00fdch projektov<\/title>\n<meta name=\"robots\" content=\"index, follow, max-snippet:-1, max-image-preview:large, max-video-preview:-1\" \/>\n<link rel=\"canonical\" href=\"https:\/\/spf-viacarpatia.eu\/hu\/projekty\/magna-festum-2\/\" \/>\n<meta property=\"og:locale\" content=\"hu_HU\" \/>\n<meta property=\"og:type\" content=\"article\" \/>\n<meta property=\"og:title\" content=\"Magna Festum - spf-viacarpatia.eu | Fond mal\u00fdch projektov\" \/>\n<meta property=\"og:description\" content=\"J\u00fanov\u00fd Festival 2025 Bez Hran\u00edc v Rimavskej Sobote prinesie bohat\u00fd program, ktor\u00fd spojuje kult\u00faru a umenie z oboch str\u00e1n hranice. Dvojd\u0148ov\u00e9 podujatie zah\u0155\u0148a koncerty zn\u00e1mych slovensk\u00fdch a ma\u010farsk\u00fdch kapiel, ako aj vyst\u00fapenia miestnych talentov a programy pre deti a rodiny, \u010d\u00edm oslov\u00ed \u0161irok\u00e9 spektrum n\u00e1v\u0161tevn\u00edkov a prinesie nezabudnute\u013en\u00e9 za\u017eitky. Festival z\u00e1rove\u0148 posiln\u00ed cezhrani\u010dn\u00e9 vz\u0165ahy medzi [&hellip;]\" \/>\n<meta property=\"og:url\" content=\"https:\/\/spf-viacarpatia.eu\/hu\/projekty\/magna-festum-2\/\" \/>\n<meta property=\"og:site_name\" content=\"spf-viacarpatia.eu | Fond mal\u00fdch projektov\" \/>\n<meta name=\"twitter:card\" content=\"summary_large_image\" \/>\n<meta name=\"twitter:label1\" content=\"Becs\u00fclt olvas\u00e1si id\u0151\" \/>\n\t<meta name=\"twitter:data1\" content=\"1 perc\" \/>\n<script type=\"application\/ld+json\" class=\"yoast-schema-graph\">{\"@context\":\"https:\\\/\\\/schema.org\",\"@graph\":[{\"@type\":\"WebPage\",\"@id\":\"https:\\\/\\\/spf-viacarpatia.eu\\\/hu\\\/projekty\\\/magna-festum-2\\\/\",\"url\":\"https:\\\/\\\/spf-viacarpatia.eu\\\/hu\\\/projekty\\\/magna-festum-2\\\/\",\"name\":\"Magna Festum - spf-viacarpatia.eu | Fond mal\u00fdch projektov\",\"isPartOf\":{\"@id\":\"https:\\\/\\\/spf-viacarpatia.eu\\\/#website\"},\"datePublished\":\"2025-05-06T11:03:21+00:00\",\"inLanguage\":\"hu\",\"potentialAction\":[{\"@type\":\"ReadAction\",\"target\":[\"https:\\\/\\\/spf-viacarpatia.eu\\\/hu\\\/projekty\\\/magna-festum-2\\\/\"]}]},{\"@type\":\"WebSite\",\"@id\":\"https:\\\/\\\/spf-viacarpatia.eu\\\/#website\",\"url\":\"https:\\\/\\\/spf-viacarpatia.eu\\\/\",\"name\":\"ViaCarpatia\",\"description\":\"Fond mal\u00fdch projektov\",\"alternateName\":\"ViaCarpatia\",\"potentialAction\":[{\"@type\":\"SearchAction\",\"target\":{\"@type\":\"EntryPoint\",\"urlTemplate\":\"https:\\\/\\\/spf-viacarpatia.eu\\\/?s={search_term_string}\"},\"query-input\":{\"@type\":\"PropertyValueSpecification\",\"valueRequired\":true,\"valueName\":\"search_term_string\"}}],\"inLanguage\":\"hu\"}]}<\/script>\n<!-- \/ Yoast SEO plugin. -->","yoast_head_json":{"title":"Magna Festum - spf-viacarpatia.eu | Fond mal\u00fdch projektov","robots":{"index":"index","follow":"follow","max-snippet":"max-snippet:-1","max-image-preview":"max-image-preview:large","max-video-preview":"max-video-preview:-1"},"canonical":"https:\/\/spf-viacarpatia.eu\/hu\/projekty\/magna-festum-2\/","og_locale":"hu_HU","og_type":"article","og_title":"Magna Festum - spf-viacarpatia.eu | Fond mal\u00fdch projektov","og_description":"J\u00fanov\u00fd Festival 2025 Bez Hran\u00edc v Rimavskej Sobote prinesie bohat\u00fd program, ktor\u00fd spojuje kult\u00faru a umenie z oboch str\u00e1n hranice. Dvojd\u0148ov\u00e9 podujatie zah\u0155\u0148a koncerty zn\u00e1mych slovensk\u00fdch a ma\u010farsk\u00fdch kapiel, ako aj vyst\u00fapenia miestnych talentov a programy pre deti a rodiny, \u010d\u00edm oslov\u00ed \u0161irok\u00e9 spektrum n\u00e1v\u0161tevn\u00edkov a prinesie nezabudnute\u013en\u00e9 za\u017eitky. Festival z\u00e1rove\u0148 posiln\u00ed cezhrani\u010dn\u00e9 vz\u0165ahy medzi [&hellip;]","og_url":"https:\/\/spf-viacarpatia.eu\/hu\/projekty\/magna-festum-2\/","og_site_name":"spf-viacarpatia.eu | Fond mal\u00fdch projektov","twitter_card":"summary_large_image","twitter_misc":{"Becs\u00fclt olvas\u00e1si id\u0151":"1 perc"},"schema":{"@context":"https:\/\/schema.org","@graph":[{"@type":"WebPage","@id":"https:\/\/spf-viacarpatia.eu\/hu\/projekty\/magna-festum-2\/","url":"https:\/\/spf-viacarpatia.eu\/hu\/projekty\/magna-festum-2\/","name":"Magna Festum - spf-viacarpatia.eu | Fond mal\u00fdch projektov","isPartOf":{"@id":"https:\/\/spf-viacarpatia.eu\/#website"},"datePublished":"2025-05-06T11:03:21+00:00","inLanguage":"hu","potentialAction":[{"@type":"ReadAction","target":["https:\/\/spf-viacarpatia.eu\/hu\/projekty\/magna-festum-2\/"]}]},{"@type":"WebSite","@id":"https:\/\/spf-viacarpatia.eu\/#website","url":"https:\/\/spf-viacarpatia.eu\/","name":"ViaCarpatia","description":"Fond mal\u00fdch projektov","alternateName":"ViaCarpatia","potentialAction":[{"@type":"SearchAction","target":{"@type":"EntryPoint","urlTemplate":"https:\/\/spf-viacarpatia.eu\/?s={search_term_string}"},"query-input":{"@type":"PropertyValueSpecification","valueRequired":true,"valueName":"search_term_string"}}],"inLanguage":"hu"}]}},"_links":{"self":[{"href":"https:\/\/spf-viacarpatia.eu\/hu\/wp-json\/wp\/v2\/projekty\/9647","targetHints":{"allow":["GET"]}}],"collection":[{"href":"https:\/\/spf-viacarpatia.eu\/hu\/wp-json\/wp\/v2\/projekty"}],"about":[{"href":"https:\/\/spf-viacarpatia.eu\/hu\/wp-json\/wp\/v2\/types\/projekty"}],"wp:attachment":[{"href":"https:\/\/spf-viacarpatia.eu\/hu\/wp-json\/wp\/v2\/media?parent=9647"}],"wp:term":[{"taxonomy":"projekt-kategoria","embeddable":true,"href":"https:\/\/spf-viacarpatia.eu\/hu\/wp-json\/wp\/v2\/projekt-kategoria?post=9647"}],"curies":[{"name":"wp","href":"https:\/\/api.w.org\/{rel}","templated":true}]}}

<p>Júnový Festival 2025 Bez Hraníc v Rimavskej Sobote prinesie bohatý program, ktorý spojuje kultúru a umenie z oboch strán hranice. Dvojdňové podujatie zahŕňa koncerty známych slovenských a maďarských kapiel, ako aj vystúpenia miestnych talentov a programy pre deti a rodiny, čím osloví široké spektrum návštevníkov a prinesie nezabudnuteľné zažitky. Festival zároveň posilní cezhraničné vzťahy medzi Slovenskom a Maďarskom, pričom ponúkne príležitosť pre hlbšiu kultúrnu výmenu a vzájomnú spolupatričnosť, ktorá pretrvá aj po skončení podujatia.</p>
<table width="500">
<tbody>
<tr>
<td><strong>Názov projektu:</strong></td>
<td>Júnový Festival 2025 Bez Hraníc</td>
</tr>
<tr>
<td><strong>Akronym:</strong></td>
<td>JúnFest 2025</td>
</tr>
<tr>
<td><strong>Kód výzvy:</strong></td>
<td>HUSK/2401/3.1/020</td>
</tr>
<tr>
<td><strong>Prioritná os:</strong></td>
<td>3. – Institutional cooperations</td>
</tr>
<tr>
<td><strong>Špecifický cieľ:</strong></td>
<td>3.2.1 – Small project fund</td>
</tr>
<tr>
<td><strong>Kód projektu:  </strong></td>
<td>HUSK/SPF/2401/3.2/146</td>
</tr>
<tr>
<td><strong>Celkový rozpočet projektu:</strong></td>
<td>38 062,5 €</td>
</tr>
<tr>
<td><strong>Rozpočet ERDF:</strong></td>
<td>30 450,00 €</td>
</tr>
<tr>
<td><strong>Začiatok projektu:</strong></td>
<td>01.03.2025</td>
</tr>
<tr>
<td><strong>Koniec projektu:</strong></td>
<td>30.06.2025</td>
</tr>
</tbody>
</table>

<!-- This site is optimized with the Yoast SEO plugin v27.5 - https://yoast.com/product/yoast-seo-wordpress/ -->
<title>Magna Festum - spf-viacarpatia.eu | Fond malých projektov</title>
<meta name="robots" content="index, follow, max-snippet:-1, max-image-preview:large, max-video-preview:-1" />
<link rel="canonical" href="https://spf-viacarpatia.eu/hu/projekty/magna-festum-2/" />
<meta property="og:locale" content="hu_HU" />
<meta property="og:type" content="article" />
<meta property="og:title" content="Magna Festum - spf-viacarpatia.eu | Fond malých projektov" />
<meta property="og:description" content="Júnový Festival 2025 Bez Hraníc v Rimavskej Sobote prinesie bohatý program, ktorý spojuje kultúru a umenie z oboch strán hranice. Dvojdňové podujatie zahŕňa koncerty známych slovenských a maďarských kapiel, ako aj vystúpenia miestnych talentov a programy pre deti a rodiny, čím osloví široké spektrum návštevníkov a prinesie nezabudnuteľné zažitky. Festival zároveň posilní cezhraničné vzťahy medzi [&hellip;]" />
<meta property="og:url" content="https://spf-viacarpatia.eu/hu/projekty/magna-festum-2/" />
<meta property="og:site_name" content="spf-viacarpatia.eu | Fond malých projektov" />
<meta name="twitter:card" content="summary_large_image" />
<meta name="twitter:label1" content="Becsült olvasási idő" />
	<meta name="twitter:data1" content="1 perc" />
<script type="application/ld+json" class="yoast-schema-graph">{"@context":"https:\/\/schema.org","@graph":[{"@type":"WebPage","@id":"https:\/\/spf-viacarpatia.eu\/hu\/projekty\/magna-festum-2\/","url":"https:\/\/spf-viacarpatia.eu\/hu\/projekty\/magna-festum-2\/","name":"Magna Festum - spf-viacarpatia.eu | Fond malých projektov","isPartOf":{"@id":"https:\/\/spf-viacarpatia.eu\/#website"},"datePublished":"2025-05-06T11:03:21+00:00","inLanguage":"hu","potentialAction":[{"@type":"ReadAction","target":["https:\/\/spf-viacarpatia.eu\/hu\/projekty\/magna-festum-2\/"]}]},{"@type":"WebSite","@id":"https:\/\/spf-viacarpatia.eu\/#website","url":"https:\/\/spf-viacarpatia.eu\/","name":"ViaCarpatia","description":"Fond malých projektov","alternateName":"ViaCarpatia","potentialAction":[{"@type":"SearchAction","target":{"@type":"EntryPoint","urlTemplate":"https:\/\/spf-viacarpatia.eu\/?s={search_term_string}"},"query-input":{"@type":"PropertyValueSpecification","valueRequired":true,"valueName":"search_term_string"}}],"inLanguage":"hu"}]}</script>
<!-- / Yoast SEO plugin. -->

Magna Festum - spf-viacarpatia.eu | Fond malých projektov

Júnový Festival 2025 Bez Hraníc v Rimavskej Sobote prinesie bohatý program, ktorý spojuje kultúru a umenie z oboch strán hranice. Dvojdňové podujatie zahŕňa koncerty známych slovenských a maďarských kapiel, ako aj vystúpenia miestnych talentov a programy pre deti a rodiny, čím osloví široké spektrum návštevníkov a prinesie nezabudnuteľné zažitky. Festival zároveň posilní cezhraničné vzťahy medzi [&hellip;]

spf-viacarpatia.eu | Fond malých projektov

Fond malých projektov
